{"id":20009,"date":"2018-09-19T12:18:53","date_gmt":"2018-09-19T10:18:53","guid":{"rendered":"https:\/\/franziskanergymnasium-kreuzburg.de\/cms\/?page_id=20009"},"modified":"2025-04-25T10:39:25","modified_gmt":"2025-04-25T08:39:25","slug":"kreuzburg-shop","status":"publish","type":"page","link":"https:\/\/franziskanergymnasium-kreuzburg.de\/cms\/kreuzburg-shop\/","title":{"rendered":"Kreuzburg-Shop"},"content":{"rendered":"<h3>Produkte unserer Sch&uuml;ler-Firma &#8222;Christella&#8220;<\/h3>\r\n<p>Im Folgenden k&ouml;nnen Sie Produkte unserer Sch&uuml;ler-Firma &#8222;Christella&#8220;, die im Rahmen des Freien Lernbereichs entstanden sind, erwerben. F&uuml;llen Sie dazu bitte das Formular am Ende der Webseite aus.<\/p>\r\n\r\n\r\n<table width=\"100%\" cellpadding=\"0\" cellspacing=\"0\" border=\"0\">\r\n<tr><th width=\"300\">Produktbild<br \/><em style=\"font-weight:normal;\">(F&uuml;r eine gr&ouml;&szlig;ere Darstellung, Bilder anklicken.)<\/em><\/th><th>Produktbeschreibung<\/th><\/tr>\r\n\r\n<tr><td><a attid=\"42104\"  href=\"https:\/\/franziskanergymnasium-kreuzburg.de\/cms\/wp-content\/uploads\/2025\/01\/Anhaenger-Taukreuz.jpg\" rel=\"lightbox[20009]\"><img loading=\"lazy\" decoding=\"async\" src=\"https:\/\/franziskanergymnasium-kreuzburg.de\/cms\/wp-content\/uploads\/2025\/01\/Anhaenger-Taukreuz-246x300.jpg\" alt=\"\" width=\"246\" height=\"300\" class=\"alignnone size-medium wp-image-42104\" srcset=\"https:\/\/franziskanergymnasium-kreuzburg.de\/cms\/wp-content\/uploads\/2025\/01\/Anhaenger-Taukreuz-246x300.jpg 246w, https:\/\/franziskanergymnasium-kreuzburg.de\/cms\/wp-content\/uploads\/2025\/01\/Anhaenger-Taukreuz.jpg 492w\" sizes=\"auto, (max-width: 246px) 100vw, 246px\" \/><\/a><\/td><td style=\"vertical-align:top;\"><h4>Anh&auml;nger Taukreuz<\/h4><p>Der Anh&auml;nger stellt das Taukreuz dar. Er besteht aus 925 Sterlingsilber und ist ca. 2cm gro\u00df. Durch die &Ouml;se l&auml;sst er sich auf verschiedenste Ketten f&auml;deln.<\/p><p><strong>Preis:<\/strong> 22 EUR<br \/><em>Erh&auml;ltlich &uuml;ber das untere Formular<\/em><\/td><\/tr>\r\n\r\n<tr><td><a attid=\"42103\"  href=\"https:\/\/franziskanergymnasium-kreuzburg.de\/cms\/wp-content\/uploads\/2025\/01\/Anhaenger-Kreuz.jpg\" rel=\"lightbox[20009]\"><img loading=\"lazy\" decoding=\"async\" src=\"https:\/\/franziskanergymnasium-kreuzburg.de\/cms\/wp-content\/uploads\/2025\/01\/Anhaenger-Kreuz-241x300.jpg\" alt=\"\" width=\"241\" height=\"300\" class=\"alignnone size-medium wp-image-42103\" srcset=\"https:\/\/franziskanergymnasium-kreuzburg.de\/cms\/wp-content\/uploads\/2025\/01\/Anhaenger-Kreuz-241x300.jpg 241w, https:\/\/franziskanergymnasium-kreuzburg.de\/cms\/wp-content\/uploads\/2025\/01\/Anhaenger-Kreuz.jpg 482w\" sizes=\"auto, (max-width: 241px) 100vw, 241px\" \/><\/a><\/td><td style=\"vertical-align:top;\"><h4>Anh&auml;nger Kreuz<\/h4><p>Der Anh&auml;nger stellt das klassische Kreuz dar. Er besteht aus 925 Sterlingsilber und ist ca. 2cm gro\u00df. Durch die &Ouml;se l&auml;sst er sich leicht auf verschiedenste Ketten f&auml;deln.<\/p><p><strong>Preis:<\/strong> 22 EUR<br \/><em>Erh&auml;ltlich &uuml;ber das untere Formular<\/em><\/td><\/tr>\r\n\r\n<tr><td><a attid=\"42102\"  href=\"https:\/\/franziskanergymnasium-kreuzburg.de\/cms\/wp-content\/uploads\/2025\/01\/Kette.jpg\" rel=\"lightbox[20009]\"><img loading=\"lazy\" decoding=\"async\" src=\"https:\/\/franziskanergymnasium-kreuzburg.de\/cms\/wp-content\/uploads\/2025\/01\/Kette-183x300.jpg\" alt=\"\" width=\"183\" height=\"300\" class=\"alignnone size-medium wp-image-42102\" srcset=\"https:\/\/franziskanergymnasium-kreuzburg.de\/cms\/wp-content\/uploads\/2025\/01\/Kette-183x300.jpg 183w, https:\/\/franziskanergymnasium-kreuzburg.de\/cms\/wp-content\/uploads\/2025\/01\/Kette-625x1024.jpg 625w, https:\/\/franziskanergymnasium-kreuzburg.de\/cms\/wp-content\/uploads\/2025\/01\/Kette-768x1259.jpg 768w, https:\/\/franziskanergymnasium-kreuzburg.de\/cms\/wp-content\/uploads\/2025\/01\/Kette-937x1536.jpg 937w, https:\/\/franziskanergymnasium-kreuzburg.de\/cms\/wp-content\/uploads\/2025\/01\/Kette.jpg 976w\" sizes=\"auto, (max-width: 183px) 100vw, 183px\" \/><\/a><\/td><td style=\"vertical-align:top;\"><h4>Silberkette<\/h4><p>Die Kette besteht aus 925 Sterlingsilber, ist 45cm lang und l&auml;sst sich gut mit unseren Anh&auml;ngern kombinieren.<\/p><p><strong>Preis:<\/strong> 20 EUR<br \/><em>Erh&auml;ltlich &uuml;ber das untere Formular<\/em><\/td><\/tr>\r\n\r\n<tr><td><a attid=\"42100\"  href=\"https:\/\/franziskanergymnasium-kreuzburg.de\/cms\/wp-content\/uploads\/2025\/01\/Bundle-Taukreuz.jpg\" rel=\"lightbox[20009]\"><img loading=\"lazy\" decoding=\"async\" src=\"https:\/\/franziskanergymnasium-kreuzburg.de\/cms\/wp-content\/uploads\/2025\/01\/Bundle-Taukreuz-225x300.jpg\" alt=\"\" width=\"225\" height=\"300\" class=\"alignnone size-medium wp-image-42100\" srcset=\"https:\/\/franziskanergymnasium-kreuzburg.de\/cms\/wp-content\/uploads\/2025\/01\/Bundle-Taukreuz-225x300.jpg 225w, https:\/\/franziskanergymnasium-kreuzburg.de\/cms\/wp-content\/uploads\/2025\/01\/Bundle-Taukreuz-768x1024.jpg 768w, https:\/\/franziskanergymnasium-kreuzburg.de\/cms\/wp-content\/uploads\/2025\/01\/Bundle-Taukreuz-1152x1536.jpg 1152w, https:\/\/franziskanergymnasium-kreuzburg.de\/cms\/wp-content\/uploads\/2025\/01\/Bundle-Taukreuz.jpg 1200w\" sizes=\"auto, (max-width: 225px) 100vw, 225px\" \/><\/a><\/td><td style=\"vertical-align:top;\"><h4>Bundle Taukreuz und Kette<\/h4><p>Das Taukreuz im Bundle mit unserer Silberkette zu einem unschlagbaren Preis.<\/p><p><strong>Preis:<\/strong> 40 EUR<br \/><em>Erh&auml;ltlich &uuml;ber das untere Formular<\/em><\/td><\/tr>\r\n\r\n<tr><td><a attid=\"42101\"  href=\"https:\/\/franziskanergymnasium-kreuzburg.de\/cms\/wp-content\/uploads\/2025\/01\/Bundle-Kreuz.jpg\" rel=\"lightbox[20009]\"><img loading=\"lazy\" decoding=\"async\" src=\"https:\/\/franziskanergymnasium-kreuzburg.de\/cms\/wp-content\/uploads\/2025\/01\/Bundle-Kreuz-225x300.jpg\" alt=\"\" width=\"225\" height=\"300\" class=\"alignnone size-medium wp-image-42101\" srcset=\"https:\/\/franziskanergymnasium-kreuzburg.de\/cms\/wp-content\/uploads\/2025\/01\/Bundle-Kreuz-225x300.jpg 225w, https:\/\/franziskanergymnasium-kreuzburg.de\/cms\/wp-content\/uploads\/2025\/01\/Bundle-Kreuz-768x1024.jpg 768w, https:\/\/franziskanergymnasium-kreuzburg.de\/cms\/wp-content\/uploads\/2025\/01\/Bundle-Kreuz-1152x1536.jpg 1152w, https:\/\/franziskanergymnasium-kreuzburg.de\/cms\/wp-content\/uploads\/2025\/01\/Bundle-Kreuz.jpg 1200w\" sizes=\"auto, (max-width: 225px) 100vw, 225px\" \/><\/a><\/td><td style=\"vertical-align:top;\"><h4>Bundle Kreuz und Kette<\/h4><p>Das Kreuz im Bundle mit unserer Silberkette zu einem unschlagbaren Preis.<\/p><p><strong>Preis:<\/strong> 40 EUR<br \/><em>Erh&auml;ltlich &uuml;ber das untere Formular<\/em><\/td><\/tr>\r\n\r\n<!--\r\n<tr><td><a href=\"https:\/\/franziskanergymnasium-kreuzburg.de\/cms\/wp-content\/uploads\/2020\/05\/taukreuz-1.jpg\" rel=\"lightbox[20009]\"><img decoding=\"async\" src=\"https:\/\/franziskanergymnasium-kreuzburg.de\/cms\/wp-content\/uploads\/2020\/05\/taukreuz-1.jpg\" width=\"300\"><\/a><\/td><td style=\"vertical-align:top;\"><h4>Taukreuz<\/h4><p>Das Taukreuz ist ein weltweit genutztes Symbol des Franziskanerordens. Franz von Assisi verstand es als Segenszeichen und als Zeichen der Demut und der Erl\u00f6sung. Dieses Taukreuz in Holzausf\u00fchrung ist 24cm hoch und 17cm breit und ist ein an der Kreuzburg in jedem Klassenraum anzutreffendes Symbol. Jeder Jahrgang erh\u00e4lt zu Beginn der 5. Klasse ein Taukreuz in einer bestimmten Farbe, welches die Sch\u00fclerinnen und Sch\u00fcler durch ihre Schulzeit begleitet.<\/p><p><strong>Preis:<\/strong> 30 EUR<br \/><em>Erh&auml;ltlich in der Bibliothek<\/em><\/td><\/tr>\r\n\r\n<tr><td><a href=\"https:\/\/franziskanergymnasium-kreuzburg.de\/cms\/wp-content\/uploads\/2018\/09\/Anhaenger_Taukreuz_m.jpg\" rel=\"lightbox[20009]\"><img decoding=\"async\" src=\"https:\/\/franziskanergymnasium-kreuzburg.de\/cms\/wp-content\/uploads\/2018\/09\/Anhaenger_Taukreuz_m.jpg\" width=\"300\"><\/a><\/td><td style=\"vertical-align:top;\"><h4>Charms-Anh&auml;nger \"Taukreuz\"<\/h4><p>Dieser Charms-Anh\u00e4nger stellt das Taukreuz dar. Er besteht aus 925\/Sterlingsilber und ist ca. 2cm gro\u00df. Mit seinem Karabinerhaken l\u00e4sst er sich sowohl an Leder- als auch an Gliederarmb\u00e4ndern befestigen.<\/p><p><strong>Preis:<\/strong> 17 EUR<br \/><em>Nur noch in geringen Mengen verf\u00fcgbar!<br \/>Erh&auml;ltlich in der Bibliothek<\/em><\/td><\/tr>\r\n\r\n<tr><td><a href=\"https:\/\/franziskanergymnasium-kreuzburg.de\/cms\/wp-content\/uploads\/2018\/09\/Anhaenger_SanDamiano_m.jpg\" rel=\"lightbox[20009]\"><img decoding=\"async\" src=\"https:\/\/franziskanergymnasium-kreuzburg.de\/cms\/wp-content\/uploads\/2018\/09\/Anhaenger_SanDamiano_m.jpg\" width=\"300\"><\/a><\/td><td style=\"vertical-align:top;\"><h4>Charms-Anh&auml;nger \"San Damiano Kreuz\"<\/h4><p>Dieser Charms-Anh\u00e4nger stellt das San Damiano Kreuz dar. Er besteht aus 925\/Sterlingsilber und ist ca. 2cm gro\u00df. Mit seinem Karabinerhaken l\u00e4sst er sich sowohl an Leder- als auch an Gliederarmb\u00e4ndern befestigen.<\/p><p><strong>Preis:<\/strong> 17 EUR<br \/><em>Nur noch in geringen Mengen verf\u00fcgbar!<br \/>Erh&auml;ltlich in der Bibliothek<\/em><\/td><\/tr>\r\n\r\n<tr><td><a href=\"https:\/\/franziskanergymnasium-kreuzburg.de\/cms\/wp-content\/uploads\/2018\/09\/Anhaenger_Schule_m.jpg\" rel=\"lightbox[20009]\"><img decoding=\"async\" src=\"https:\/\/franziskanergymnasium-kreuzburg.de\/cms\/wp-content\/uploads\/2018\/09\/Anhaenger_Schule_m.jpg\" width=\"300\"><\/a><\/td><td style=\"vertical-align:top;\"><h4>Charms-Anh&auml;nger \"Logo Franziskanergymnasium Kreuzburg\"<\/h4><p>Dieser Charms-Anh\u00e4nger stellt das Logo des Franziskanergymnasiums Kreuzburg dar. Er besteht aus 925\/Sterlingsilber und ist ca. 2cm gro\u00df. Mit seinem Karabinerhaken l\u00e4sst er sich sowohl an Leder- als auch an Gliederarmb\u00e4ndern befestigen.<\/p><p><strong>Preis:<\/strong> 17 EUR<br \/><em>Nur noch in geringen Mengen verf\u00fcgbar!<br \/>Erh&auml;ltlich in der Bibliothek<\/em><\/td><\/tr>\r\n\r\n\r\n<tr><td><a href=\"https:\/\/franziskanergymnasium-kreuzburg.de\/cms\/wp-content\/uploads\/2018\/09\/Anhaenger_GutenTag_m.jpg\" rel=\"lightbox[20009]\"><img decoding=\"async\" src=\"https:\/\/franziskanergymnasium-kreuzburg.de\/cms\/wp-content\/uploads\/2018\/09\/Anhaenger_GutenTag_m.jpg\" width=\"300\"><\/a><\/td><td style=\"vertical-align:top;\"><h4>Charms-Anh&auml;nger \"Guten Tag, ihr lieben Leute\"<\/h4><p>Dieser Charms-Anh\u00e4nger zeigt die Grundsteinplatte der Schule, welche im Bereich des Haupteingangs die Besucher mit einem herzlichen <em>Guten Tag, ihr lieben Leute\"<\/em> begr\u00fc\u00dft, dar. Er besteht aus 925\/Sterlingsilber und ist ca. 2cm gro\u00df. Mit seinem Karabinerhaken l\u00e4sst er sich sowohl an Leder- als auch an Gliederarmb\u00e4ndern befestigen.<\/p><p><strong>Preis:<\/strong> 17 EUR<br \/><em>Nur noch in geringen Mengen verf\u00fcgbar!<br \/>Erh&auml;ltlich in der Bibliothek<\/em><\/td><\/tr>\r\n\r\n<tr><td><a href=\"https:\/\/franziskanergymnasium-kreuzburg.de\/cms\/wp-content\/uploads\/2018\/09\/kleidung_jubilaeum.jpg\" rel=\"lightbox[20009]\"><img decoding=\"async\" src=\"https:\/\/franziskanergymnasium-kreuzburg.de\/cms\/wp-content\/uploads\/2018\/09\/kleidung_jubilaeum.jpg\" width=\"300\"><\/a><\/td><td style=\"vertical-align:top;\"><h4>Hoodies und T-Shirts<\/h4><p>\r\nHoodies und T-Shirts mit Kreuzburg-Logo in verschiedenen Gr&ouml;&szlig;en.<\/p>\r\n<p>Bitte beachten Sie, dass die T-Shirts beim Waschen und bei Verwendung des W\u00e4schetrockners einige Zentimeter an L\u00e4nge verlieren.<\/p>\r\n<p>Bei den Anproben hat sich gezeigt, dass die Damen Hoodies sehr lang und schmal ausfallen. Ansonsten unterscheiden sich die Kleidungsst\u00fccke \u00e4u\u00dferlich nicht. Wir empfehlen daher die Wahl eines Damen Hoodie f\u00fcr alle sehr schlanken Personen (auch Jungen) und umgekehrt normal gebauten Personen (auch M\u00e4dchen) die Wahl des Herren Hoodies.<\/p>\r\n<p>\r\n<table>\r\n<tbody>\r\n<tr>\r\n<td>Damen<\/td>\r\n<td>T-Shirt<\/td>\r\n<td>Gr\u00f6\u00dfe S<\/td>\r\n<td>ca. 59 cm lang<\/td>\r\n<td>ca. 37 cm breit<\/td>\r\n<\/tr>\r\n<tr>\r\n<td>&nbsp;<\/td>\r\n<td>&nbsp;<\/td>\r\n<td>Gr\u00f6\u00dfe M<\/td>\r\n<td>ca. 62 cm lang<\/td>\r\n<td>ca. 41 cm breit<\/td>\r\n<\/tr>\r\n<tr>\r\n<td>&nbsp;<\/td>\r\n<td>&nbsp;<\/td>\r\n<td>Gr\u00f6\u00dfe L<\/td>\r\n<td>ca. 65 cm lang<\/td>\r\n<td>ca. 45 cm breit<\/td>\r\n<\/tr>\r\n<tr>\r\n<td>&nbsp;<\/td>\r\n<td>&nbsp;<\/td>\r\n<td>Gr\u00f6\u00dfe XL<\/td>\r\n<td>ca. 68 cm lang<\/td>\r\n<td>ca. 49 cm breit<\/td>\r\n<\/tr>\r\n<tr>\r\n<td>&nbsp;<\/td>\r\n<td>Hoodie<\/td>\r\n<td>Gr\u00f6\u00dfe S<\/td>\r\n<td>ca. 63 cm lang<\/td>\r\n<td>ca. 41 cm breit<\/td>\r\n<\/tr>\r\n<tr>\r\n<tr>\r\n<td>&nbsp;<\/td>\r\n<td>&nbsp;<\/td>\r\n<td>Gr\u00f6\u00dfe M<\/td>\r\n<td>ca. 63 cm lang<\/td>\r\n<td>ca. 43 cm breit<\/td>\r\n<\/tr>\r\n<td>Herren<\/td>\r\n<td>T-Shirt<\/td>\r\n<td>Gr\u00f6\u00dfe S<\/td>\r\n<td>ca. 66 cm lang<\/td>\r\n<td>ca. 45 cm breit<\/td>\r\n<\/tr>\r\n<tr>\r\n<td>&nbsp;<\/td>\r\n<td>&nbsp;<\/td>\r\n<td>Gr\u00f6\u00dfe M<\/td>\r\n<td>ca. 69 cm lang<\/td>\r\n<td>ca. 50 cm breit<\/td>\r\n<\/tr>\r\n<tr>\r\n<td>&nbsp;<\/td>\r\n<td>&nbsp;<\/td>\r\n<td>Gr\u00f6\u00dfe L<\/td>\r\n<td>ca. 72 cm lang<\/td>\r\n<td>ca. 54 cm breit<\/td>\r\n<\/tr>\r\n<tr>\r\n<td>&nbsp;<\/td>\r\n<td>&nbsp;<\/td>\r\n<td>Gr\u00f6\u00dfe XL<\/td>\r\n<td>ca. 75 cm lang<\/td>\r\n<td>ca. 58 cm breit<\/td>\r\n<\/tr>\r\n<tr>\r\n<td>&nbsp;<\/td>\r\n<td>Hoodie<\/td>\r\n<td>Gr\u00f6\u00dfe XS<\/td>\r\n<td>ca. 60 cm lang<\/td>\r\n<td>ca. 52 cm breit<\/td>\r\n<\/tr>\r\n<tr>\r\n<td>&nbsp;<\/td>\r\n<td>&nbsp;<\/td>\r\n<td>Gr\u00f6\u00dfe S<\/td>\r\n<td>ca. 66 cm lang<\/td>\r\n<td>ca. 52 cm breit<\/td>\r\n<\/tr>\r\n\r\n<tr>\r\n<td>&nbsp;<\/td>\r\n<td>&nbsp;<\/td>\r\n<td>Gr\u00f6\u00dfe M<\/td>\r\n<td>ca. 66 cm lang<\/td>\r\n<td>ca. 53 cm breit<\/td>\r\n<\/tr>\r\n<\/tbody>\r\n<\/table><\/p><p><strong>Preis T-Shirt:<\/strong> 9 EUR<br \/>\r\n<strong>Preis Hoodie:<\/strong> 26 EUR<br \/>\r\n<strong>Preis Set (T-Shirt und Hoodie):<\/strong> 30 EUR<br \/><em>Erh&auml;ltlich in der Bibliothek<\/em><\/td><\/tr>\r\n\r\n<tr><td><a href=\"https:\/\/franziskanergymnasium-kreuzburg.de\/cms\/wp-content\/uploads\/2018\/09\/Likoer.jpg\" rel=\"lightbox[20009]\"><img decoding=\"async\" src=\"https:\/\/franziskanergymnasium-kreuzburg.de\/cms\/wp-content\/uploads\/2018\/09\/Likoer.jpg\" width=\"300\"><\/a><\/td><td style=\"vertical-align:top;\"><h4>Kreuzburg KlosterApfel<\/h4><p>Der \u201eKlosterApfel\u201c ist ein Getr\u00e4nk, das es so kein zweites Mal gibt. Basis des \u201eKlosterApfel\u201c ist ein Apfelwein, gekeltert aus den \u00c4pfeln der Kloster-Streuobstwiesen, der mit einem regionalen Kr\u00e4uterlik\u00f6r verfeinert wird. Dieses einzigartige Getr\u00e4nk verbindet jahrhundertalte Klostertradition mit moderner Apfelweinkultur oder auch Frucht trifft Kr\u00e4uter \u2013 eben \u201eGutes vom KlosterApfel\u201c. Genie\u00dfen Sie mit uns diesen \u201eKlosterApfel\u201c \u2013 unser Jubil\u00e4umselixier in limitierter Auflage von 1.000 Flaschen. <\/p><p><strong>Preis:<\/strong> 10 EUR<br \/><em>Erh&auml;ltlich in der Finanzverwaltung<\/em><\/td><\/tr>\r\n-->\r\n\r\n<\/table>\r\n<br><br>\r\n<p><em>Bestellungen sind nicht mehr m&ouml;glich.<\/em><\/p>\r\n\r\n","protected":false},"excerpt":{"rendered":"Produkte unserer Sch&uuml;ler-Firma &#8222;Christella&#8220; Im Folgenden k&ouml;nnen Sie Produkte unserer Sch&uuml;ler-Firma &#8222;Christella&#8220;, die im Rahmen des Freien Lernbereichs entstanden sind, erwerben. F&uuml;llen Sie dazu bitte das Formular am Ende der Webseite aus. Produktbild(F&uuml;r eine gr&ouml;&szlig;ere Darstellung, Bilder anklicken.)Produktbeschreibung Anh&auml;nger TaukreuzDer Anh&auml;nger stellt das Taukreuz dar. Er besteht aus 925 Sterlingsilber und ist ca. 2cm gro\u00df. Durch die &Ouml;se l&auml;sst er sich auf verschiedenste Ketten f&auml;deln.Preis: 22 EURErh&auml;ltlich &uuml;ber das untere Formular Anh&auml;nger KreuzDer Anh&auml;nger stellt das klassische Kreuz dar. Er besteht aus 925 Sterlingsilber und ist ca. 2cm gro\u00df. Durch die &Ouml;se l&auml;sst er sich leicht auf verschiedenste Ketten f&auml;deln.Preis: 22 EURErh&auml;ltlich &uuml;ber das untere Formular SilberketteDie Kette besteht aus 925 Sterlingsilber, ist 45cm lang und l&auml;sst sich gut mit unseren Anh&auml;ngern kombinieren.Preis: 20 EURErh&auml;ltlich &uuml;ber das untere Formular Bundle Taukreuz und KetteDas Taukreuz im Bundle mit unserer Silberkette zu einem unschlagbaren Preis.Preis: 40 EURErh&auml;ltlich &uuml;ber das untere Formular Bundle Kreuz und KetteDas Kreuz im Bundle mit unserer Silberkette zu einem unschlagbaren Preis.Preis: 40 EURErh&auml;ltlich &uuml;ber das untere Formular Bestellungen sind nicht mehr m&ouml;glich.","protected":false},"author":1,"featured_media":0,"parent":0,"menu_order":0,"comment_status":"closed","ping_status":"closed","template":"","meta":{"ngg_post_thumbnail":0,"footnotes":""},"class_list":["post-20009","page","type-page","status-publish","hentry"],"publishpress_future_action":{"enabled":false,"date":"2026-04-14 15:07:42","action":"change-status","newStatus":"draft","terms":[],"taxonomy":"","extraData":[]},"publishpress_future_workflow_manual_trigger":{"enabledWorkflows":[]},"_links":{"self":[{"href":"https:\/\/franziskanergymnasium-kreuzburg.de\/cms\/wp-json\/wp\/v2\/pages\/20009","targetHints":{"allow":["GET"]}}],"collection":[{"href":"https:\/\/franziskanergymnasium-kreuzburg.de\/cms\/wp-json\/wp\/v2\/pages"}],"about":[{"href":"https:\/\/franziskanergymnasium-kreuzburg.de\/cms\/wp-json\/wp\/v2\/types\/page"}],"author":[{"embeddable":true,"href":"https:\/\/franziskanergymnasium-kreuzburg.de\/cms\/wp-json\/wp\/v2\/users\/1"}],"replies":[{"embeddable":true,"href":"https:\/\/franziskanergymnasium-kreuzburg.de\/cms\/wp-json\/wp\/v2\/comments?post=20009"}],"version-history":[{"count":59,"href":"https:\/\/franziskanergymnasium-kreuzburg.de\/cms\/wp-json\/wp\/v2\/pages\/20009\/revisions"}],"predecessor-version":[{"id":42433,"href":"https:\/\/franziskanergymnasium-kreuzburg.de\/cms\/wp-json\/wp\/v2\/pages\/20009\/revisions\/42433"}],"wp:attachment":[{"href":"https:\/\/franziskanergymnasium-kreuzburg.de\/cms\/wp-json\/wp\/v2\/media?parent=20009"}],"curies":[{"name":"wp","href":"https:\/\/api.w.org\/{rel}","templated":true}]}}