{"id":2091,"date":"2014-03-14T10:39:42","date_gmt":"2014-03-14T09:39:42","guid":{"rendered":"https:\/\/franziskanergymnasium-kreuzburg.de\/cms\/?page_id=2091"},"modified":"2014-03-20T12:12:27","modified_gmt":"2014-03-20T11:12:27","slug":"schueler-wiki","status":"publish","type":"page","link":"https:\/\/franziskanergymnasium-kreuzburg.de\/cms\/downloads\/schueler-wiki\/","title":{"rendered":"Sch\u00fcler-Wiki"},"content":{"rendered":"<p>Auf dieser Seite werden Materialien von Sch\u00fclern f\u00fcr Sch\u00fcler zur Verf\u00fcgung gestellt.<\/p>\r\n<p>Das entsprechende Fach kann auf der rechten Seite ausgew\u00e4hlt werden.<\/p>\r\n","protected":false},"excerpt":{"rendered":"Auf dieser Seite werden Materialien von Sch\u00fclern f\u00fcr Sch\u00fcler zur Verf\u00fcgung gestellt. Das entsprechende Fach kann auf der rechten Seite ausgew\u00e4hlt werden.","protected":false},"author":3,"featured_media":0,"parent":347,"menu_order":0,"comment_status":"closed","ping_status":"closed","template":"","meta":{"ngg_post_thumbnail":0,"footnotes":""},"class_list":["post-2091","page","type-page","status-publish","hentry"],"publishpress_future_action":{"enabled":false,"date":"2026-04-30 16:15:31","action":"change-status","newStatus":"draft","terms":[],"taxonomy":"","extraData":[]},"publishpress_future_workflow_manual_trigger":{"enabledWorkflows":[]},"_links":{"self":[{"href":"https:\/\/franziskanergymnasium-kreuzburg.de\/cms\/wp-json\/wp\/v2\/pages\/2091","targetHints":{"allow":["GET"]}}],"collection":[{"href":"https:\/\/franziskanergymnasium-kreuzburg.de\/cms\/wp-json\/wp\/v2\/pages"}],"about":[{"href":"https:\/\/franziskanergymnasium-kreuzburg.de\/cms\/wp-json\/wp\/v2\/types\/page"}],"author":[{"embeddable":true,"href":"https:\/\/franziskanergymnasium-kreuzburg.de\/cms\/wp-json\/wp\/v2\/users\/3"}],"replies":[{"embeddable":true,"href":"https:\/\/franziskanergymnasium-kreuzburg.de\/cms\/wp-json\/wp\/v2\/comments?post=2091"}],"version-history":[{"count":4,"href":"https:\/\/franziskanergymnasium-kreuzburg.de\/cms\/wp-json\/wp\/v2\/pages\/2091\/revisions"}],"predecessor-version":[{"id":2163,"href":"https:\/\/franziskanergymnasium-kreuzburg.de\/cms\/wp-json\/wp\/v2\/pages\/2091\/revisions\/2163"}],"up":[{"embeddable":true,"href":"https:\/\/franziskanergymnasium-kreuzburg.de\/cms\/wp-json\/wp\/v2\/pages\/347"}],"wp:attachment":[{"href":"https:\/\/franziskanergymnasium-kreuzburg.de\/cms\/wp-json\/wp\/v2\/media?parent=2091"}],"curies":[{"name":"wp","href":"https:\/\/api.w.org\/{rel}","templated":true}]}}