{"id":30786,"date":"2021-09-28T12:50:16","date_gmt":"2021-09-28T10:50:16","guid":{"rendered":"https:\/\/franziskanergymnasium-kreuzburg.de\/cms\/?page_id=30786"},"modified":"2021-10-08T10:08:02","modified_gmt":"2021-10-08T08:08:02","slug":"umweltmanagement","status":"publish","type":"page","link":"https:\/\/franziskanergymnasium-kreuzburg.de\/cms\/umweltmanagement\/","title":{"rendered":"Umweltmanagement"},"content":{"rendered":"<a attid=\"27167\"  href=\"https:\/\/franziskanergymnasium-kreuzburg.de\/cms\/wp-content\/uploads\/2020\/08\/Gockel.jpg\" rel=\"lightbox[30786]\"><img decoding=\"async\" src=\"https:\/\/franziskanergymnasium-kreuzburg.de\/cms\/wp-content\/uploads\/2020\/08\/Gockel-191x300.jpg\" alt=\"\" width=\"100\"  class=\"alignleft size-medium wp-image-27167\" srcset=\"https:\/\/franziskanergymnasium-kreuzburg.de\/cms\/wp-content\/uploads\/2020\/08\/Gockel-191x300.jpg 191w, https:\/\/franziskanergymnasium-kreuzburg.de\/cms\/wp-content\/uploads\/2020\/08\/Gockel-652x1024.jpg 652w, https:\/\/franziskanergymnasium-kreuzburg.de\/cms\/wp-content\/uploads\/2020\/08\/Gockel.jpg 713w\" sizes=\"(max-width: 191px) 100vw, 191px\" \/><\/a>\r\n\r\n<p>Seit Ende 2018 hat unsere Schule ein professionelles Umweltmanagement eingef\u00fchrt. Unser Ziel ist die Auszeichnung mit dem \u201eGr\u00fcnen Gockel\u201c. Der Hahn, der traditionell auf Kircht\u00fcrmen die Wachsamkeit symbolisiert, steht hier f\u00fcr die renommierteste Auszeichnung kirchlicher Einrichtungen, die Anspruch und Wirklichkeit zur Bewahrung der Sch\u00f6pfung m\u00f6glichst in Deckung bringen wollen. Es gilt in sehr strukturierter Form, die nahezu identisch mit dem aus Industrie und Verwaltung bekannteren EMAS-Prozess ist, jegliches Handeln unter Nachhaltigkeitsgesichtspunkten zu reflektieren und in einen kontinuierlich Verbesserungsprozess einzuschlagen.<\/p>\r\n<a attid=\"30793\"  href=\"https:\/\/franziskanergymnasium-kreuzburg.de\/cms\/wp-content\/uploads\/2021\/09\/Gockel_Plan.jpg\" rel=\"lightbox[30786]\"><img decoding=\"async\" src=\"https:\/\/franziskanergymnasium-kreuzburg.de\/cms\/wp-content\/uploads\/2021\/09\/Gockel_Plan.jpg\" alt=\"\" width=\"350\"  class=\"alignright size-full wp-image-30793\" srcset=\"https:\/\/franziskanergymnasium-kreuzburg.de\/cms\/wp-content\/uploads\/2021\/09\/Gockel_Plan.jpg 547w, https:\/\/franziskanergymnasium-kreuzburg.de\/cms\/wp-content\/uploads\/2021\/09\/Gockel_Plan-300x270.jpg 300w\" sizes=\"(max-width: 547px) 100vw, 547px\" \/><\/a>\r\n<p>\r\nDie Kernaufgaben des ersten Jahres bestand darin, eine erste Steuergruppe zu berufen, eine umfassende Bestandsaufnahme zum Umweltverhalten der Kreuzburg vorzunehmen (z.B. Energieverbrauch, Konsumverhalten) und Umfragen in der Schulgemeinde zu erheben, die Probleme, Voreinstellungen und L\u00f6sungsideen zusammentragen sollten. Anschlie\u00dfend galt es, in Umwelt- bzw. Sch\u00f6pfungsleitlinien n\u00e4her zu bestimmen, was die Verantwortungs\u00fcbernahme f\u00fcr Umwelt und gerechte Lebensbedingungen (Leits\u00e4tze der Kreuzburg) konkret bedeuten sollen. <\/p>\r\n","protected":false},"excerpt":{"rendered":"Seit Ende 2018 hat unsere Schule ein professionelles Umweltmanagement eingef\u00fchrt. Unser Ziel ist die Auszeichnung mit dem \u201eGr\u00fcnen Gockel\u201c. Der Hahn, der traditionell auf Kircht\u00fcrmen die Wachsamkeit symbolisiert, steht hier f\u00fcr die renommierteste Auszeichnung kirchlicher Einrichtungen, die Anspruch und Wirklichkeit zur Bewahrung der Sch\u00f6pfung m\u00f6glichst in Deckung bringen wollen. Es gilt in sehr strukturierter Form, die nahezu identisch mit dem aus Industrie und Verwaltung bekannteren EMAS-Prozess ist, jegliches Handeln unter Nachhaltigkeitsgesichtspunkten zu reflektieren und in einen kontinuierlich Verbesserungsprozess einzuschlagen. Die Kernaufgaben des ersten Jahres bestand darin, eine erste Steuergruppe zu berufen, eine umfassende Bestandsaufnahme zum Umweltverhalten der Kreuzburg vorzunehmen (z.B. Energieverbrauch, Konsumverhalten) und Umfragen in der Schulgemeinde zu erheben, die Probleme, Voreinstellungen und L\u00f6sungsideen zusammentragen sollten. Anschlie\u00dfend galt es, in Umwelt- bzw. Sch\u00f6pfungsleitlinien n\u00e4her zu bestimmen, was die Verantwortungs\u00fcbernahme f\u00fcr Umwelt und gerechte Lebensbedingungen (Leits\u00e4tze der Kreuzburg) konkret bedeuten sollen.","protected":false},"author":3,"featured_media":0,"parent":0,"menu_order":0,"comment_status":"closed","ping_status":"closed","template":"","meta":{"ngg_post_thumbnail":0,"footnotes":""},"class_list":["post-30786","page","type-page","status-publish","hentry"],"publishpress_future_action":{"enabled":false,"date":"2026-05-15 00:39:01","action":"change-status","newStatus":"draft","terms":[],"taxonomy":"","extraData":[]},"publishpress_future_workflow_manual_trigger":{"enabledWorkflows":[]},"_links":{"self":[{"href":"https:\/\/franziskanergymnasium-kreuzburg.de\/cms\/wp-json\/wp\/v2\/pages\/30786","targetHints":{"allow":["GET"]}}],"collection":[{"href":"https:\/\/franziskanergymnasium-kreuzburg.de\/cms\/wp-json\/wp\/v2\/pages"}],"about":[{"href":"https:\/\/franziskanergymnasium-kreuzburg.de\/cms\/wp-json\/wp\/v2\/types\/page"}],"author":[{"embeddable":true,"href":"https:\/\/franziskanergymnasium-kreuzburg.de\/cms\/wp-json\/wp\/v2\/users\/3"}],"replies":[{"embeddable":true,"href":"https:\/\/franziskanergymnasium-kreuzburg.de\/cms\/wp-json\/wp\/v2\/comments?post=30786"}],"version-history":[{"count":11,"href":"https:\/\/franziskanergymnasium-kreuzburg.de\/cms\/wp-json\/wp\/v2\/pages\/30786\/revisions"}],"predecessor-version":[{"id":30933,"href":"https:\/\/franziskanergymnasium-kreuzburg.de\/cms\/wp-json\/wp\/v2\/pages\/30786\/revisions\/30933"}],"wp:attachment":[{"href":"https:\/\/franziskanergymnasium-kreuzburg.de\/cms\/wp-json\/wp\/v2\/media?parent=30786"}],"curies":[{"name":"wp","href":"https:\/\/api.w.org\/{rel}","templated":true}]}}