{"id":34701,"date":"2022-11-17T12:32:31","date_gmt":"2022-11-17T11:32:31","guid":{"rendered":"https:\/\/franziskanergymnasium-kreuzburg.de\/cms\/?page_id=34701"},"modified":"2022-11-17T12:32:31","modified_gmt":"2022-11-17T11:32:31","slug":"staerken-erkennen-und-im-team-arbeiten","status":"publish","type":"page","link":"https:\/\/franziskanergymnasium-kreuzburg.de\/cms\/staerken-erkennen-und-im-team-arbeiten\/","title":{"rendered":"St\u00e4rken erkennen und im Team arbeiten"},"content":{"rendered":"<p>Zu Beginn des gemeinsamen Jahres in der Offenen Werkstatt stehen verschiedene Aufgaben, die es erm\u00f6glichen sollen, zum einen das Gef\u00fchl f\u00fcr eine Teamarbeit zu entwickeln, zum anderen seine eigenen F\u00e4higkeiten zu entdecken.   <\/p><p>\r\n\r\n<a attid=\"34702\"  href=\"https:\/\/franziskanergymnasium-kreuzburg.de\/cms\/wp-content\/uploads\/2022\/11\/OffWerkStaerken1.jpg\" rel=\"lightbox[34701]\"><img decoding=\"async\" src=\"https:\/\/franziskanergymnasium-kreuzburg.de\/cms\/wp-content\/uploads\/2022\/11\/OffWerkStaerken1-225x300.jpg\" alt=\"\" width=\"125\"  class=\"alignright size-medium wp-image-34702\" srcset=\"https:\/\/franziskanergymnasium-kreuzburg.de\/cms\/wp-content\/uploads\/2022\/11\/OffWerkStaerken1-225x300.jpg 225w, https:\/\/franziskanergymnasium-kreuzburg.de\/cms\/wp-content\/uploads\/2022\/11\/OffWerkStaerken1.jpg 768w\" sizes=\"(max-width: 225px) 100vw, 225px\" \/><\/a>Ein Projekt besteht darin, dass eine Gruppe versucht mit 5 Bl\u00e4ttern Papier und einem Kreppband einen Unterbau zu schaffen, 7 cm hoch, der ein Gewicht von 3 Kilo tr\u00e4gt. <br>Eine andere Herausforderung ist der Bau einer Murmelbahn nachfolgenden Kriterien:   \r\n\r\n  <ul>\r\n  \t<li>zwei Murmeln starten gleichzeitig  <\/li>\r\n\r\n\r\n   \t<li> sie gehen verschiedene Wege  <\/li>\r\n \r\n\r\n  \t<li>  sie treffen sich gleichzeitig im Ziel. <\/li>\r\n<\/ul>\r\n<a attid=\"34703\"  href=\"https:\/\/franziskanergymnasium-kreuzburg.de\/cms\/wp-content\/uploads\/2022\/11\/OffWerkStaerken2.jpg\" rel=\"lightbox[34701]\"><img decoding=\"async\" src=\"https:\/\/franziskanergymnasium-kreuzburg.de\/cms\/wp-content\/uploads\/2022\/11\/OffWerkStaerken2-300x225.jpg\" alt=\"\" width=\"200\" class=\"alignnone size-medium wp-image-34703\" srcset=\"https:\/\/franziskanergymnasium-kreuzburg.de\/cms\/wp-content\/uploads\/2022\/11\/OffWerkStaerken2-300x225.jpg 300w, https:\/\/franziskanergymnasium-kreuzburg.de\/cms\/wp-content\/uploads\/2022\/11\/OffWerkStaerken2-768x576.jpg 768w, https:\/\/franziskanergymnasium-kreuzburg.de\/cms\/wp-content\/uploads\/2022\/11\/OffWerkStaerken2.jpg 1024w\" sizes=\"(max-width: 300px) 100vw, 300px\" \/><\/a>\r\n\r\n<a attid=\"34704\"  href=\"https:\/\/franziskanergymnasium-kreuzburg.de\/cms\/wp-content\/uploads\/2022\/11\/OffWerkStaerken3.jpg\" rel=\"lightbox[34701]\"><img decoding=\"async\" src=\"https:\/\/franziskanergymnasium-kreuzburg.de\/cms\/wp-content\/uploads\/2022\/11\/OffWerkStaerken3-225x300.jpg\" alt=\"\" width=\"155\" class=\"alignnone size-medium wp-image-34704\" srcset=\"https:\/\/franziskanergymnasium-kreuzburg.de\/cms\/wp-content\/uploads\/2022\/11\/OffWerkStaerken3-225x300.jpg 225w, https:\/\/franziskanergymnasium-kreuzburg.de\/cms\/wp-content\/uploads\/2022\/11\/OffWerkStaerken3.jpg 768w\" sizes=\"(max-width: 225px) 100vw, 225px\" \/><\/a>\r\n\r\n<a attid=\"34705\"  href=\"https:\/\/franziskanergymnasium-kreuzburg.de\/cms\/wp-content\/uploads\/2022\/11\/OffWerkStaerken4.jpg\" rel=\"lightbox[34701]\"><img decoding=\"async\" src=\"https:\/\/franziskanergymnasium-kreuzburg.de\/cms\/wp-content\/uploads\/2022\/11\/OffWerkStaerken4-225x300.jpg\" alt=\"\" width=\"155\" class=\"alignnone size-medium wp-image-34705\" srcset=\"https:\/\/franziskanergymnasium-kreuzburg.de\/cms\/wp-content\/uploads\/2022\/11\/OffWerkStaerken4-225x300.jpg 225w, https:\/\/franziskanergymnasium-kreuzburg.de\/cms\/wp-content\/uploads\/2022\/11\/OffWerkStaerken4.jpg 768w\" sizes=\"(max-width: 225px) 100vw, 225px\" \/><\/a>\r\n \r\n<\/p><p>\r\n  \r\n\r\nUm eigene F\u00e4higkeiten geht es schlie\u00dflich in der Aufgabe, dass sich innerhalb einer Kleingruppe jeder eine Herausforderung \u00fcberlegt, mit der er die anderen Gruppen zum Wettbewerb herausfordert. Hier werden sich die Sch\u00fclerinnen und Sch\u00fcler ihrer eigenen F\u00e4higkeiten bewusst.   <\/p>","protected":false},"excerpt":{"rendered":"Zu Beginn des gemeinsamen Jahres in der Offenen Werkstatt stehen verschiedene Aufgaben, die es erm\u00f6glichen sollen, zum einen das Gef\u00fchl f\u00fcr eine Teamarbeit zu entwickeln, zum anderen seine eigenen F\u00e4higkeiten zu entdecken. Ein Projekt besteht darin, dass eine Gruppe versucht mit 5 Bl\u00e4ttern Papier und einem Kreppband einen Unterbau zu schaffen, 7 cm hoch, der ein Gewicht von 3 Kilo tr\u00e4gt. Eine andere Herausforderung ist der Bau einer Murmelbahn nachfolgenden Kriterien: zwei Murmeln starten gleichzeitig sie gehen verschiedene Wege sie treffen sich gleichzeitig im Ziel. Um eigene F\u00e4higkeiten geht es schlie\u00dflich in der Aufgabe, dass sich innerhalb einer Kleingruppe jeder eine Herausforderung \u00fcberlegt, mit der er die anderen Gruppen zum Wettbewerb herausfordert. Hier werden sich die Sch\u00fclerinnen und Sch\u00fcler ihrer eigenen F\u00e4higkeiten bewusst.","protected":false},"author":3,"featured_media":0,"parent":0,"menu_order":0,"comment_status":"closed","ping_status":"closed","template":"","meta":{"ngg_post_thumbnail":0,"footnotes":""},"class_list":["post-34701","page","type-page","status-publish","hentry"],"publishpress_future_action":{"enabled":false,"date":"2026-05-20 19:42:02","action":"change-status","newStatus":"draft","terms":[],"taxonomy":"","extraData":[]},"publishpress_future_workflow_manual_trigger":{"enabledWorkflows":[]},"_links":{"self":[{"href":"https:\/\/franziskanergymnasium-kreuzburg.de\/cms\/wp-json\/wp\/v2\/pages\/34701","targetHints":{"allow":["GET"]}}],"collection":[{"href":"https:\/\/franziskanergymnasium-kreuzburg.de\/cms\/wp-json\/wp\/v2\/pages"}],"about":[{"href":"https:\/\/franziskanergymnasium-kreuzburg.de\/cms\/wp-json\/wp\/v2\/types\/page"}],"author":[{"embeddable":true,"href":"https:\/\/franziskanergymnasium-kreuzburg.de\/cms\/wp-json\/wp\/v2\/users\/3"}],"replies":[{"embeddable":true,"href":"https:\/\/franziskanergymnasium-kreuzburg.de\/cms\/wp-json\/wp\/v2\/comments?post=34701"}],"version-history":[{"count":2,"href":"https:\/\/franziskanergymnasium-kreuzburg.de\/cms\/wp-json\/wp\/v2\/pages\/34701\/revisions"}],"predecessor-version":[{"id":34707,"href":"https:\/\/franziskanergymnasium-kreuzburg.de\/cms\/wp-json\/wp\/v2\/pages\/34701\/revisions\/34707"}],"wp:attachment":[{"href":"https:\/\/franziskanergymnasium-kreuzburg.de\/cms\/wp-json\/wp\/v2\/media?parent=34701"}],"curies":[{"name":"wp","href":"https:\/\/api.w.org\/{rel}","templated":true}]}}