{"id":349,"date":"2013-07-26T11:52:18","date_gmt":"2013-07-26T09:52:18","guid":{"rendered":"https:\/\/franziskanergymnasium-kreuzburg.de\/cms\/?page_id=349"},"modified":"2018-05-19T19:56:15","modified_gmt":"2018-05-19T17:56:15","slug":"links","status":"publish","type":"page","link":"https:\/\/franziskanergymnasium-kreuzburg.de\/cms\/links\/","title":{"rendered":"N\u00fctzliche Links"},"content":{"rendered":"<p>Vereinigung katholischer Schulen in Ordenstradition Ordensdirektorenvereinigung (ODIV)<br \/>\r\n<i class=\"gdl-icon-shortcode icon-external-link\" style=\"color:#222;font-size:14px;\"><\/i><a href=\"http:\/\/www.odiv.de\/\" target=\"_blank\">http:\/\/www.odiv.de\/<\/a><\/p>\r\n\r\n<p>Hessisches Kultusministerium<br \/>\r\n<i class=\"gdl-icon-shortcode icon-external-link\" style=\"color:#222;font-size:14px;\"><\/i><a href=\"http:\/\/www.kultusministerium.hessen.de\/\" target=\"_blank\">http:\/\/www.kultusministerium.hessen.de\/<\/a><\/p>\r\n\r\n<p>Paul-Hindemith-Musikschule<br \/>\r\n<i class=\"gdl-icon-shortcode icon-external-link\" style=\"color:#222;font-size:14px;\"><\/i><a href=\"http:\/\/www.paul-hindemith-musikschule.de\/\">http:\/\/www.paul-hindemith-musikschule.de\/<\/a>\r\n\r\n<p>Astra Direkt (Schlie\u00dff\u00e4cher f\u00fcr Sch\u00fclerInnen)<br \/>\r\n<i class=\"gdl-icon-shortcode icon-external-link\" style=\"color:#222;font-size:14px;\"><\/i><a href=\"http:\/\/www.astradirekt.de\/\" target=\"_blank\">http:\/\/www.astradirekt.de\/<\/a><\/p>\r\n\r\n<p>Job-, Ausbildungs- und Praktikaangebote<br \/>\r\n<a href=\"\/cms\/jobportal\/\">Zum Jobportal<\/a><\/br>\r\n<i class=\"gdl-icon-shortcode icon-external-link\" style=\"color:#222;font-size:14px;\"><\/i><a href=\"http:\/\/www.frankfurter-jobanzeiger.de\" target=_blank>Zum Jobanzeiger<\/a><\/p>","protected":false},"excerpt":{"rendered":"Vereinigung katholischer Schulen in Ordenstradition Ordensdirektorenvereinigung (ODIV) http:\/\/www.odiv.de\/ Hessisches Kultusministerium http:\/\/www.kultusministerium.hessen.de\/ Paul-Hindemith-Musikschule http:\/\/www.paul-hindemith-musikschule.de\/ Astra Direkt (Schlie\u00dff\u00e4cher f\u00fcr Sch\u00fclerInnen) http:\/\/www.astradirekt.de\/ Job-, Ausbildungs- und Praktikaangebote Zum Jobportal Zum Jobanzeiger","protected":false},"author":1,"featured_media":0,"parent":0,"menu_order":0,"comment_status":"closed","ping_status":"closed","template":"","meta":{"ngg_post_thumbnail":0,"footnotes":""},"class_list":["post-349","page","type-page","status-publish","hentry"],"publishpress_future_action":{"enabled":false,"date":"2026-04-12 19:47:33","action":"change-status","newStatus":"draft","terms":[],"taxonomy":"","extraData":[]},"publishpress_future_workflow_manual_trigger":{"enabledWorkflows":[]},"_links":{"self":[{"href":"https:\/\/franziskanergymnasium-kreuzburg.de\/cms\/wp-json\/wp\/v2\/pages\/349","targetHints":{"allow":["GET"]}}],"collection":[{"href":"https:\/\/franziskanergymnasium-kreuzburg.de\/cms\/wp-json\/wp\/v2\/pages"}],"about":[{"href":"https:\/\/franziskanergymnasium-kreuzburg.de\/cms\/wp-json\/wp\/v2\/types\/page"}],"author":[{"embeddable":true,"href":"https:\/\/franziskanergymnasium-kreuzburg.de\/cms\/wp-json\/wp\/v2\/users\/1"}],"replies":[{"embeddable":true,"href":"https:\/\/franziskanergymnasium-kreuzburg.de\/cms\/wp-json\/wp\/v2\/comments?post=349"}],"version-history":[{"count":5,"href":"https:\/\/franziskanergymnasium-kreuzburg.de\/cms\/wp-json\/wp\/v2\/pages\/349\/revisions"}],"predecessor-version":[{"id":18258,"href":"https:\/\/franziskanergymnasium-kreuzburg.de\/cms\/wp-json\/wp\/v2\/pages\/349\/revisions\/18258"}],"wp:attachment":[{"href":"https:\/\/franziskanergymnasium-kreuzburg.de\/cms\/wp-json\/wp\/v2\/media?parent=349"}],"curies":[{"name":"wp","href":"https:\/\/api.w.org\/{rel}","templated":true}]}}