{"id":354,"date":"2013-07-26T11:56:18","date_gmt":"2013-07-26T09:56:18","guid":{"rendered":"https:\/\/franziskanergymnasium-kreuzburg.de\/cms\/?page_id=354"},"modified":"2024-06-06T15:28:59","modified_gmt":"2024-06-06T13:28:59","slug":"schulervertretung","status":"publish","type":"page","link":"https:\/\/franziskanergymnasium-kreuzburg.de\/cms\/schulervertretung\/","title":{"rendered":"Sch\u00fclervertretung"},"content":{"rendered":"<p>Wie in der \u00dcberschrift zu lesen, steht die Abk\u00fcrzung SV an der Kreuzburg f\u00fcr unsere Sch\u00fclervertretung. Die Aufgabe der Sch\u00fclervertretung ist es, wie der Name schon vermuten l\u00e4sst, die Interessen der Sch\u00fcler zu vertreten.<\/p>\r\n<p>Die SV besteht aus verschiedenen Teilen. Da gibt es zum Beispiel die Klassen- und Tutandengruppen-Sprecher (TG-Sprecher), sie bilden das Fundament der Sch\u00fclervertretung. Ihre beiden wesentlichen Aufgaben sind die Vertretung der Klasse\/der TG in der Sch\u00fclerratssitzung (SRS) und den Lehren und Eltern gegen\u00fcber und sie dienen als Vermittler zwischen SV und Klasse.<\/p>\r\n<p>Die Gemeinschaftsstunde, die jeder Klasse einmal in der Woche als Organisationsstunde ihrer Klassengemeinschaft dient, wird normalerweise von den Klassensprechern geleitet. Hier m\u00fcssen oft Probleme beseitigt oder Streitigkeiten geschlichtet werden, somit kommt ihnen ein hohes Pflichtbewusstsein zu.\r\nUnter der Sch\u00fclerratssitzung \u2013 kurz SRS \u2013 verstehen wir ein Zusammentreffen aller Klassen- und TG-Sprecher in regelm\u00e4\u00dfigen Abst\u00e4nden. Dort werden wichtige Entscheidungen \u00fcber SV, Sch\u00fcler und Schule getroffen, sowie Informationen ausgetauscht. Den Vorsitz hierbei hat das 9er-Gremium, das die SV-Arbeit organisiert uns koordiniert.\r\nDabei auch anwesend, sind die Vertrauenslehrer und die Paten, deren beider Arbeit sehr eng mit der der SV verkn\u00fcpft ist.<\/p>\r\n<p>Um unsere SV-Arbeit zu konkretisieren und alle Mitglieder der SV jedes Jahr wieder neu kennen zu lernen, organisiert das FBW f\u00fcr die ganze SV nach den Herbstferien ein SV-Seminar. Dieses beginnt immer mittwochs nach der Schule und endet f\u00fcr die Klassensprecher\/innen am Freitag Nachmittag. Das 9er-Gremium tagt bis Samstag Mittag.\r\nIn diesen Tagen entstehen jedes Jahr aufs Neue tolle Projekte, bei jedem wird Motivation geweckt und wir haben sehr viel Spa\u00df zusammen!<\/p>\r\n<p>Hoffentlich wird die SV-Arbeit an der Kreuzburg noch viele Jahre so gesch\u00e4tzt und bleibt so erfolgreich wie bisher!<\/p>\r\n\r\n<p>Die Ordnung der Sch\u00fclervertretung ist <a attid=\"19496\"  href=\"https:\/\/franziskanergymnasium-kreuzburg.de\/cms\/wp-content\/uploads\/2024\/06\/SV-Satzung_01.06.2024.pdf\">hier <\/a>nachzulesen.<\/p>","protected":false},"excerpt":{"rendered":"Wie in der \u00dcberschrift zu lesen, steht die Abk\u00fcrzung SV an der Kreuzburg f\u00fcr unsere Sch\u00fclervertretung. Die Aufgabe der Sch\u00fclervertretung ist es, wie der Name schon vermuten l\u00e4sst, die Interessen der Sch\u00fcler zu vertreten. Die SV besteht aus verschiedenen Teilen. Da gibt es zum Beispiel die Klassen- und Tutandengruppen-Sprecher (TG-Sprecher), sie bilden das Fundament der Sch\u00fclervertretung. Ihre beiden wesentlichen Aufgaben sind die Vertretung der Klasse\/der TG in der Sch\u00fclerratssitzung (SRS) und den Lehren und Eltern gegen\u00fcber und sie dienen als Vermittler zwischen SV und Klasse. Die Gemeinschaftsstunde, die jeder Klasse einmal in der Woche als Organisationsstunde ihrer Klassengemeinschaft dient, wird normalerweise von den Klassensprechern geleitet. Hier m\u00fcssen oft Probleme beseitigt oder Streitigkeiten geschlichtet werden, somit kommt ihnen ein hohes Pflichtbewusstsein zu. Unter der Sch\u00fclerratssitzung \u2013 kurz SRS \u2013 verstehen wir ein Zusammentreffen aller Klassen- und TG-Sprecher in regelm\u00e4\u00dfigen Abst\u00e4nden. Dort werden wichtige Entscheidungen \u00fcber SV, Sch\u00fcler und Schule getroffen, sowie Informationen ausgetauscht. Den Vorsitz hierbei hat das 9er-Gremium, das die SV-Arbeit organisiert uns koordiniert. Dabei auch anwesend, sind die Vertrauenslehrer und die Paten, deren beider Arbeit sehr eng mit der der SV verkn\u00fcpft ist. Um unsere SV-Arbeit zu konkretisieren und alle Mitglieder der SV jedes Jahr wieder neu kennen zu lernen, organisiert das FBW f\u00fcr die ganze SV nach den Herbstferien ein SV-Seminar. Dieses beginnt immer mittwochs nach der Schule und endet f\u00fcr die Klassensprecher\/innen am Freitag Nachmittag. Das 9er-Gremium tagt bis Samstag Mittag. In diesen Tagen entstehen jedes Jahr aufs Neue tolle Projekte, bei jedem wird Motivation geweckt und wir haben sehr viel Spa\u00df zusammen! Hoffentlich wird die SV-Arbeit an der Kreuzburg noch viele Jahre so gesch\u00e4tzt und bleibt so erfolgreich wie bisher! Die Ordnung der Sch\u00fclervertretung ist hier nachzulesen.","protected":false},"author":1,"featured_media":0,"parent":0,"menu_order":0,"comment_status":"closed","ping_status":"closed","template":"","meta":{"ngg_post_thumbnail":0,"footnotes":""},"class_list":["post-354","page","type-page","status-publish","hentry"],"publishpress_future_action":{"enabled":false,"date":"2026-04-14 13:47:15","action":"change-status","newStatus":"draft","terms":[],"taxonomy":"","extraData":[]},"publishpress_future_workflow_manual_trigger":{"enabledWorkflows":[]},"_links":{"self":[{"href":"https:\/\/franziskanergymnasium-kreuzburg.de\/cms\/wp-json\/wp\/v2\/pages\/354","targetHints":{"allow":["GET"]}}],"collection":[{"href":"https:\/\/franziskanergymnasium-kreuzburg.de\/cms\/wp-json\/wp\/v2\/pages"}],"about":[{"href":"https:\/\/franziskanergymnasium-kreuzburg.de\/cms\/wp-json\/wp\/v2\/types\/page"}],"author":[{"embeddable":true,"href":"https:\/\/franziskanergymnasium-kreuzburg.de\/cms\/wp-json\/wp\/v2\/users\/1"}],"replies":[{"embeddable":true,"href":"https:\/\/franziskanergymnasium-kreuzburg.de\/cms\/wp-json\/wp\/v2\/comments?post=354"}],"version-history":[{"count":8,"href":"https:\/\/franziskanergymnasium-kreuzburg.de\/cms\/wp-json\/wp\/v2\/pages\/354\/revisions"}],"predecessor-version":[{"id":38920,"href":"https:\/\/franziskanergymnasium-kreuzburg.de\/cms\/wp-json\/wp\/v2\/pages\/354\/revisions\/38920"}],"wp:attachment":[{"href":"https:\/\/franziskanergymnasium-kreuzburg.de\/cms\/wp-json\/wp\/v2\/media?parent=354"}],"curies":[{"name":"wp","href":"https:\/\/api.w.org\/{rel}","templated":true}]}}