{"id":400,"date":"2013-07-30T17:39:22","date_gmt":"2013-07-30T15:39:22","guid":{"rendered":"https:\/\/franziskanergymnasium-kreuzburg.de\/cms\/?page_id=400"},"modified":"2024-11-14T08:49:47","modified_gmt":"2024-11-14T07:49:47","slug":"musik","status":"publish","type":"page","link":"https:\/\/franziskanergymnasium-kreuzburg.de\/cms\/musik\/","title":{"rendered":"Musik"},"content":{"rendered":"Fachsprecherin: <strong>U. Hoffmann<\/strong><div class=\"clear\"><\/div><div class=\"gdl-divider gdl-border-x top\"><div class=\"scroll-top\"><\/div><\/div>\n<div class=\"clear\" style=\" height:20px;\"><\/div>\r\n\r\n<p>Mit Ausnahme der Jahrgangsstufe 9 wird am Franziskanergymnasium Kreuzburg der Musikunterricht kontinuierlich bis zum Abitur hin angeboten. In Jahrgangsstufe 7 und 8 erfolgt der Unterricht epochal. Mit der Wiedereinf\u00fchrung von G9 verteilen sich die Unterrichtsstunden in folgender Weise auf die Jahrgangsstufen:<\/p>\r\n\r\n<p>\r\n<table>\r\n<tr><th>Jahrgangsstufe<\/th><th>Wochenstunden<\/th><\/tr>\r\n<tr><td>Klasse 5<\/td><td>2-st\u00fcndig<\/td><\/tr>\r\n<tr><td>Klasse 6<\/td><td>2-st\u00fcndig<\/td><\/tr>\r\n<tr><td>Klasse 7<\/td><td>2-st\u00fcndig<\/td><\/tr>\r\n<tr><td>Klasse 8 <\/td><td> &#8211; <\/td><\/tr>\r\n<tr><td>Klasse 9<\/td><td> &#8211; <\/td><\/tr>\r\n<tr><td>Klasse 10<\/td><td>2-st\u00fcndig <\/td><\/tr>\r\n<tr><td>Oberstufe &#8211; E-Phase<\/td><td>Grundkurs 2-st\u00fcndig<br>Orientierungskurs 3-st\u00fcndig<\/td><\/tr>\r\n<tr><td>Oberstufe &#8211; Q-Phase<\/td><td>Grundkurs 3-st\u00fcndig<br>Leistungskurs 5-st\u00fcndig<\/td><\/tr>\r\n<\/table>\r\n<\/p>\r\n\r\n<p>Beim Musik-Unterricht wird \u2013 neben dem Anspruch der Wissensvermittlung \u2013 besonderer Wert auf die praktische Seite gelegt, wobei die Jahrgangsstufen 5 und 6 an einem Gesangsklassenkonzept orientiert sind. <\/p>\r\n<p>Im Bereich der Sekundarstufe II k\u00f6nnen die Sch\u00fclerinnen und Sch\u00fcler zwischen Grund- und Leistungskurs w\u00e4hlen. Dementsprechend finden in der Regel in jedem Jahr im Fach Musik Abiturpr\u00fcfungen statt.<\/p>\r\n\r\n<img decoding=\"async\" src=\"https:\/\/franziskanergymnasium-kreuzburg.de\/cms\/wp-content\/uploads\/2013\/07\/phm-logo.jpg\" alt=\"phm-logo\" width=\"140\"  class=\"alignright\"\/>Seit 2015 kooperiert das Franziskanergymnasium Kreuzburg mit der Paul-Hindemith-Musikschule (Hanau). Informationen zu deren Angebot im Bereich Instrumentalunterricht und Gesang erhalten sie <a href=\"http:\/\/www.paul-hindemith-musikschule.de\/\">hier<\/a>. \r\nAuch Herr Heindel steht f\u00fcr erste Ausk\u00fcnfte zur Verf\u00fcgung.<\/p>\r\n<p>Einen besonderen Schwerpunkt bildet der AG-Bereich. J\u00e4hrlich finden zwei gro\u00dfe Schulkonzerte statt: Kurz vor den Weihnachtsferien veranstalten wir ein Adventskonzert, den Abschluss des Schuljahres bildet das Sommerkonzert.<\/p>\r\n\r\n\r\n\r\n<!--\r\n<p>Die Kreuzburg bietet eine gro\u00dfe Anzahl von Arbeitsgemeinschaften an:<\/p>\r\n\r\n<p>\r\n<table>\r\n<tr><th>Ensemble<\/th><th>Leitung<\/th><\/tr>\r\n<tr><td>5-er Chor<\/td><td>Peter Loschert <br>im Wechsel mit Dr. M.-E. Heisler-Wiegelmann<\/td><\/tr>\r\n<tr><td>6-er Chor<\/td><td>Dr. M.-E. Heisler-Wiegelmann<br> im Wechsel mit Peter Loschert<\/td><\/tr>\r\n<tr><td>Jugendchor<\/td><td>Andreas Heindel<\/td><\/tr>\r\n<tr><td>Kammerchor<\/td><td>Dr. M.-E. Heisler-Wiegelmann<\/td><\/tr>\r\n<tr><td>Elternchor<\/td><td>Peter Loschert<\/td><\/tr>\r\n\r\n<tr><td>Kleine Bigband<\/td><td>Peter Loschert<\/td><\/tr>\r\n<tr><td>Bigband<\/td><td>Ulrike Hoffmann<\/td><\/tr>\r\n<tr><td>Kleines Orchester<\/td><td>Andreas Heindel<\/td><\/tr>\r\n<tr><td>Kreuzburg Orchester<\/td><td>Peter Loschert<\/td><\/tr>\r\n<\/table>\r\n<\/p>-->\r\n\r\n<p>F\u00fcr die musikalische Gestaltung von Gottesdiensten ist die SacroPop-AG verantwortlich, die von Andreas Heindel geleitet wird.<\/p>\r\n\r\n<div class='w3eden'><!-- WPDM Link Template: Default Template -->\n\n<div class=\"link-template-default card mb-2\">\n    <div class=\"card-body\">\n        <div class=\"media\">\n            <div class=\"mr-3 img-48\"><img decoding=\"async\" class=\"wpdm_icon\" alt=\"Icon\" src=\"https:\/\/franziskanergymnasium-kreuzburg.de\/cms\/wp-content\/plugins\/download-manager\/assets\/file-type-icons\/pdf.svg\" \/><\/div>\n            <div class=\"media-body\">\n                <h3 class=\"package-title\"><a href='https:\/\/franziskanergymnasium-kreuzburg.de\/cms\/download\/schulisches-fachcurriculum-musik\/'>Schulisches Fachcurriculum Musik<\/a><\/h3>\n                <div class=\"text-muted text-small\"><i class=\"fas fa-copy\"><\/i> 1 Datei(en) <i class=\"fas fa-hdd ml-3\"><\/i> 233.07 KB<\/div>\n            <\/div>\n            <div class=\"ml-3\">\n                <a class='wpdm-download-link download-on-click btn btn-primary ' rel='nofollow' href='#' data-downloadurl=\"https:\/\/franziskanergymnasium-kreuzburg.de\/cms\/download\/schulisches-fachcurriculum-musik\/?wpdmdl=41833&refresh=69ef8bb814d561777306552\">Download<\/a>\n            <\/div>\n        <\/div>\n    <\/div>\n<\/div>\n\n<\/div>","protected":false},"excerpt":{"rendered":"Mit Ausnahme der Jahrgangsstufe 9 wird am Franziskanergymnasium Kreuzburg der Musikunterricht kontinuierlich bis zum Abitur hin angeboten. In Jahrgangsstufe 7 und 8 erfolgt der Unterricht epochal. Mit der Wiedereinf\u00fchrung von G9 verteilen sich die Unterrichtsstunden in folgender Weise auf die Jahrgangsstufen: JahrgangsstufeWochenstunden Klasse 52-st\u00fcndig Klasse 62-st\u00fcndig Klasse 72-st\u00fcndig Klasse 8 &#8211; Klasse 9 &#8211; Klasse 102-st\u00fcndig Oberstufe &#8211; E-PhaseGrundkurs 2-st\u00fcndigOrientierungskurs 3-st\u00fcndig Oberstufe &#8211; Q-PhaseGrundkurs 3-st\u00fcndigLeistungskurs 5-st\u00fcndig Beim Musik-Unterricht wird \u2013 neben dem Anspruch der Wissensvermittlung \u2013 besonderer Wert auf die praktische Seite gelegt, wobei die Jahrgangsstufen 5 und 6 an einem Gesangsklassenkonzept orientiert sind. Im Bereich der Sekundarstufe II k\u00f6nnen die Sch\u00fclerinnen und Sch\u00fcler zwischen Grund- und Leistungskurs w\u00e4hlen. Dementsprechend finden in der Regel in jedem Jahr im Fach Musik Abiturpr\u00fcfungen statt. Seit 2015 kooperiert das Franziskanergymnasium Kreuzburg mit der Paul-Hindemith-Musikschule (Hanau). Informationen zu deren Angebot im Bereich Instrumentalunterricht und Gesang erhalten sie hier. Auch Herr Heindel steht f\u00fcr erste Ausk\u00fcnfte zur Verf\u00fcgung. Einen besonderen Schwerpunkt bildet der AG-Bereich. J\u00e4hrlich finden zwei gro\u00dfe Schulkonzerte statt: Kurz vor den Weihnachtsferien veranstalten wir ein Adventskonzert, den Abschluss des Schuljahres bildet das Sommerkonzert. F\u00fcr die musikalische Gestaltung von Gottesdiensten ist die SacroPop-AG verantwortlich, die von Andreas Heindel geleitet wird.","protected":false},"author":1,"featured_media":0,"parent":0,"menu_order":0,"comment_status":"closed","ping_status":"closed","template":"","meta":{"ngg_post_thumbnail":0,"footnotes":""},"class_list":["post-400","page","type-page","status-publish","hentry"],"publishpress_future_action":{"enabled":false,"date":"2026-05-04 18:15:52","action":"change-status","newStatus":"draft","terms":[],"taxonomy":"","extraData":[]},"publishpress_future_workflow_manual_trigger":{"enabledWorkflows":[]},"_links":{"self":[{"href":"https:\/\/franziskanergymnasium-kreuzburg.de\/cms\/wp-json\/wp\/v2\/pages\/400","targetHints":{"allow":["GET"]}}],"collection":[{"href":"https:\/\/franziskanergymnasium-kreuzburg.de\/cms\/wp-json\/wp\/v2\/pages"}],"about":[{"href":"https:\/\/franziskanergymnasium-kreuzburg.de\/cms\/wp-json\/wp\/v2\/types\/page"}],"author":[{"embeddable":true,"href":"https:\/\/franziskanergymnasium-kreuzburg.de\/cms\/wp-json\/wp\/v2\/users\/1"}],"replies":[{"embeddable":true,"href":"https:\/\/franziskanergymnasium-kreuzburg.de\/cms\/wp-json\/wp\/v2\/comments?post=400"}],"version-history":[{"count":23,"href":"https:\/\/franziskanergymnasium-kreuzburg.de\/cms\/wp-json\/wp\/v2\/pages\/400\/revisions"}],"predecessor-version":[{"id":41885,"href":"https:\/\/franziskanergymnasium-kreuzburg.de\/cms\/wp-json\/wp\/v2\/pages\/400\/revisions\/41885"}],"wp:attachment":[{"href":"https:\/\/franziskanergymnasium-kreuzburg.de\/cms\/wp-json\/wp\/v2\/media?parent=400"}],"curies":[{"name":"wp","href":"https:\/\/api.w.org\/{rel}","templated":true}]}}