{"id":6419,"date":"2015-09-01T14:37:23","date_gmt":"2015-09-01T12:37:23","guid":{"rendered":"https:\/\/franziskanergymnasium-kreuzburg.de\/cms\/?page_id=6419"},"modified":"2024-11-14T08:56:47","modified_gmt":"2024-11-14T07:56:47","slug":"philosophie","status":"publish","type":"page","link":"https:\/\/franziskanergymnasium-kreuzburg.de\/cms\/philosophie\/","title":{"rendered":"Philosophie"},"content":{"rendered":"Fachsprecher: <strong>S. Schornstein<\/strong><div class=\"clear\"><\/div><div class=\"gdl-divider gdl-border-x top\"><div class=\"scroll-top\"><\/div><\/div>\n<div class=\"clear\" style=\" height:20px;\"><\/div>\r\n\r\n<p><em>\u201ePhilosophieren hei\u00dft von vorne anfangen \u2013 immer wieder.\u201c<\/em> (Markus Gabriel)<\/p><p>\r\n<a attid=\"12095\"  href=\"https:\/\/franziskanergymnasium-kreuzburg.de\/cms\/wp-content\/uploads\/2015\/09\/2017Philosophie1.jpg\" rel=\"lightbox[6419]\"><img decoding=\"async\" src=\"https:\/\/franziskanergymnasium-kreuzburg.de\/cms\/wp-content\/uploads\/2015\/09\/2017Philosophie1-300x300.jpg\" alt=\"\" width=\"280\" class=\"alignright size-medium wp-image-12095\" srcset=\"https:\/\/franziskanergymnasium-kreuzburg.de\/cms\/wp-content\/uploads\/2015\/09\/2017Philosophie1-300x300.jpg 300w, https:\/\/franziskanergymnasium-kreuzburg.de\/cms\/wp-content\/uploads\/2015\/09\/2017Philosophie1-150x150.jpg 150w, https:\/\/franziskanergymnasium-kreuzburg.de\/cms\/wp-content\/uploads\/2015\/09\/2017Philosophie1.jpg 721w\" sizes=\"(max-width: 300px) 100vw, 300px\" \/><\/a>Die \u201eLiebe zur Weisheit\u201c, die <em>Philosophia<\/em>, spornt uns als Fachschaft an, das Gespr\u00e4ch mit jungen Heranwachsenden zu suchen, Fragen zu stellen, unbequeme Fragen zuzulassen und auch kritische Meinungen auszuhalten. Mit dieser Haltung glauben wir unseren Bildungsauftrag, junge Menschen \u201ezum selbstst\u00e4ndigen und verantwortlichen Dienst am Volk und der Menschheit durch Ehrfurcht und N\u00e4chstenliebe, Achtung und Duldsamkeit, Rechtlichkeit und Wahrhaftigkeit\u201c anzuleiten, am besten verwirklichen zu k\u00f6nnen. (Art. 56, 4 der Verfassung des Landes Hessen.)<\/p><p>\r\nDoch scheint Philosophie in der \u00f6ffentlichen Meinung ein verstaubtes Schattendasein zu fristen im Elfenbeinturm einiger Gelehrter, die in den dicken Werken Platons, Aristoteles oder Hegels forschen. <em>\u201ePhilosophie ist nichts f\u00fcr mich! Statt zu philosophieren, besch\u00e4ftige ich mich lieber mit praktischen, lebensrelevanten Themen,\u201c<\/em> bekamen Kreuzburg Oberstufensch\u00fcler, als sie Passanten in den Innenst\u00e4dten des Rhein-Main-Gebietes zur Bedeutung von Philosophie in ihrem Alltag interviewten, immer wieder zur Antwort.<\/p><p>\r\n\u00dcberraschenderweise sind es jedoch gerade Kinder und Jugendliche, die unentwegt mit ihren Fragen sich und uns Erwachsenen existenzielle, also philosophische Fragen stellen: <em>Was ist Zeit? Hat mein Leben einen Sinn? Was unterscheidet mich als Mensch von einem Tier oder einer Maschine? Habe ich einen freien Willen und was befindet sich am Ende des Regenbogens?<\/em><\/p><p>\r\n<a attid=\"12096\"  href=\"https:\/\/franziskanergymnasium-kreuzburg.de\/cms\/wp-content\/uploads\/2015\/09\/2017Philosophie2.jpg\" rel=\"lightbox[6419]\"><img decoding=\"async\" src=\"https:\/\/franziskanergymnasium-kreuzburg.de\/cms\/wp-content\/uploads\/2015\/09\/2017Philosophie2-300x225.jpg\" alt=\"\" width=\"260\"  class=\"alignleft size-medium wp-image-12096\" srcset=\"https:\/\/franziskanergymnasium-kreuzburg.de\/cms\/wp-content\/uploads\/2015\/09\/2017Philosophie2-300x225.jpg 300w, https:\/\/franziskanergymnasium-kreuzburg.de\/cms\/wp-content\/uploads\/2015\/09\/2017Philosophie2-768x576.jpg 768w, https:\/\/franziskanergymnasium-kreuzburg.de\/cms\/wp-content\/uploads\/2015\/09\/2017Philosophie2.jpg 960w\" sizes=\"(max-width: 300px) 100vw, 300px\" \/><\/a>Auch Immanuel Kant, der gro\u00dfe deutsche Aufkl\u00e4rer, gibt in einem Aufsatz als Antwort auf die Frage, was denn nun Philosophie sei, Fragen an den Leser zur\u00fcck: Was kann ich wissen? Was soll ich tun? Was darf ich hoffen? Was ist der Mensch? F\u00fcr Kant umschlie\u00dfen diese vier Fragen alle Bereiche der Philosophie. Gemeinsam machen wir uns mit unseren Sch\u00fclern auf die Suche nach Antworten auf diese zentralen Fragen des Menschseins. M\u00f6gliche Antworten und noch mehr Fragen werden uns dabei in der Auseinandersetzung mit Philosophen der Vergangenheit und der Gegenwart begegnen und wir werden feststellen, dass <u>unsere <\/u>Fragen zentrale <u>menschliche <\/u>Fragen sind, die durch alle Jahrhunderte hindurch Menschen faszinierten und bewegten und heute auch uns noch bewegen. <\/p><p>\r\nKant motiviert in einem weiteren Aufsatz seine Zeitgenossen mit dem <em>Sapere Aude<\/em> dazu, sich ihres eigenen Verstandes zu bedienen. So wollen auch wir Philosophielehrer der Kreuzburg unsere Sch\u00fcler der Oberstufe herausfordern, selbstst\u00e4ndig zu denken, sach-und formallogisch zu argumentieren, wertgeleitet zu urteilen und sie schlie\u00dflich dazu bef\u00e4higen, auf ihrer Antwortsuche verantwortlich und m\u00fcndig zu handeln. <\/p>\r\n<a attid=\"12094\"  href=\"https:\/\/franziskanergymnasium-kreuzburg.de\/cms\/wp-content\/uploads\/2015\/09\/2017Philosophie.jpg\" rel=\"lightbox[6419]\"><img decoding=\"async\" src=\"https:\/\/franziskanergymnasium-kreuzburg.de\/cms\/wp-content\/uploads\/2015\/09\/2017Philosophie-300x199.jpg\" alt=\"\" width=\"260\"  class=\"alignright size-medium wp-image-12094\" srcset=\"https:\/\/franziskanergymnasium-kreuzburg.de\/cms\/wp-content\/uploads\/2015\/09\/2017Philosophie-300x199.jpg 300w, https:\/\/franziskanergymnasium-kreuzburg.de\/cms\/wp-content\/uploads\/2015\/09\/2017Philosophie-768x510.jpg 768w, https:\/\/franziskanergymnasium-kreuzburg.de\/cms\/wp-content\/uploads\/2015\/09\/2017Philosophie.jpg 960w\" sizes=\"(max-width: 300px) 100vw, 300px\" \/><\/a><p>An der Kreuzburg wird Philosophie als Fach als Teil des gesellschaftswissenschaftlichen Kursangebots der gymnasialen Oberstufe von der Einf\u00fchrungsphase bis zum Abitur angeboten. In der E-Phase stehen neben einer Einf\u00fchrung in die Philosophie mit Fragen nach der Natur des Menschen, von Philosophie und des Philosophierens als Grundhaltung, Grundfragen der Moralphilosophie, das hei\u00dft ethische Begr\u00fcndungsweisen und  ethische Anwendungsgebiete, im Fokus. In der Qualifikationsphase besch\u00e4ftigen sich die Sch\u00fclerInnen im Rahmen des Kerncurriculums mit Staats- und Geschichtsphilosophie, Erkenntnis- und Wissenschaftstheorie, Sprach-philosophie und dem Gebiet der \u00c4sthetik beziehungsweise der Kunstphilosophie. <\/p>\r\n","protected":false},"excerpt":{"rendered":"\u201ePhilosophieren hei\u00dft von vorne anfangen \u2013 immer wieder.\u201c (Markus Gabriel) Die \u201eLiebe zur Weisheit\u201c, die Philosophia, spornt uns als Fachschaft an, das Gespr\u00e4ch mit jungen Heranwachsenden zu suchen, Fragen zu stellen, unbequeme Fragen zuzulassen und auch kritische Meinungen auszuhalten. Mit dieser Haltung glauben wir unseren Bildungsauftrag, junge Menschen \u201ezum selbstst\u00e4ndigen und verantwortlichen Dienst am Volk und der Menschheit durch Ehrfurcht und N\u00e4chstenliebe, Achtung und Duldsamkeit, Rechtlichkeit und Wahrhaftigkeit\u201c anzuleiten, am besten verwirklichen zu k\u00f6nnen. (Art. 56, 4 der Verfassung des Landes Hessen.) Doch scheint Philosophie in der \u00f6ffentlichen Meinung ein verstaubtes Schattendasein zu fristen im Elfenbeinturm einiger Gelehrter, die in den dicken Werken Platons, Aristoteles oder Hegels forschen. \u201ePhilosophie ist nichts f\u00fcr mich! Statt zu philosophieren, besch\u00e4ftige ich mich lieber mit praktischen, lebensrelevanten Themen,\u201c bekamen Kreuzburg Oberstufensch\u00fcler, als sie Passanten in den Innenst\u00e4dten des Rhein-Main-Gebietes zur Bedeutung von Philosophie in ihrem Alltag interviewten, immer wieder zur Antwort. \u00dcberraschenderweise sind es jedoch gerade Kinder und Jugendliche, die unentwegt mit ihren Fragen sich und uns Erwachsenen existenzielle, also philosophische Fragen stellen: Was ist Zeit? Hat mein Leben einen Sinn? Was unterscheidet mich als Mensch von einem Tier oder einer Maschine? Habe ich einen freien Willen und was befindet sich am Ende des Regenbogens? Auch Immanuel Kant, der gro\u00dfe deutsche Aufkl\u00e4rer, gibt in einem Aufsatz als Antwort auf die Frage, was denn nun Philosophie sei, Fragen an den Leser zur\u00fcck: Was kann ich wissen? Was soll ich tun? Was darf ich hoffen? Was ist der Mensch? F\u00fcr Kant umschlie\u00dfen diese vier Fragen alle Bereiche der Philosophie. Gemeinsam machen wir uns mit unseren Sch\u00fclern auf die Suche nach Antworten auf diese zentralen Fragen des Menschseins. M\u00f6gliche Antworten und noch mehr Fragen werden uns dabei in der Auseinandersetzung mit Philosophen der Vergangenheit und der Gegenwart begegnen und wir werden feststellen, dass unsere Fragen zentrale menschliche Fragen sind, die durch alle Jahrhunderte hindurch Menschen faszinierten und bewegten und heute auch uns noch bewegen. Kant motiviert in einem weiteren Aufsatz seine Zeitgenossen mit dem Sapere Aude dazu, sich ihres eigenen Verstandes zu bedienen. So wollen auch wir Philosophielehrer der Kreuzburg unsere Sch\u00fcler der Oberstufe herausfordern, selbstst\u00e4ndig zu denken, sach-und formallogisch zu argumentieren, wertgeleitet zu urteilen und sie schlie\u00dflich dazu bef\u00e4higen, auf ihrer Antwortsuche verantwortlich und m\u00fcndig zu handeln. An der Kreuzburg wird Philosophie als Fach als Teil des gesellschaftswissenschaftlichen Kursangebots der gymnasialen Oberstufe von der Einf\u00fchrungsphase bis zum Abitur angeboten. In der E-Phase stehen neben einer Einf\u00fchrung in die Philosophie mit Fragen nach der Natur des Menschen, von Philosophie und des Philosophierens als Grundhaltung, Grundfragen der Moralphilosophie, das hei\u00dft ethische Begr\u00fcndungsweisen und ethische Anwendungsgebiete, im Fokus. In der Qualifikationsphase besch\u00e4ftigen sich die Sch\u00fclerInnen im Rahmen des Kerncurriculums mit Staats- und Geschichtsphilosophie, Erkenntnis- und Wissenschaftstheorie, Sprach-philosophie und dem Gebiet der \u00c4sthetik beziehungsweise der Kunstphilosophie.","protected":false},"author":3,"featured_media":0,"parent":0,"menu_order":0,"comment_status":"closed","ping_status":"closed","template":"","meta":{"ngg_post_thumbnail":0,"footnotes":""},"class_list":["post-6419","page","type-page","status-publish","hentry"],"publishpress_future_action":{"enabled":false,"date":"2026-04-12 18:27:59","action":"change-status","newStatus":"draft","terms":[],"taxonomy":"","extraData":[]},"publishpress_future_workflow_manual_trigger":{"enabledWorkflows":[]},"_links":{"self":[{"href":"https:\/\/franziskanergymnasium-kreuzburg.de\/cms\/wp-json\/wp\/v2\/pages\/6419","targetHints":{"allow":["GET"]}}],"collection":[{"href":"https:\/\/franziskanergymnasium-kreuzburg.de\/cms\/wp-json\/wp\/v2\/pages"}],"about":[{"href":"https:\/\/franziskanergymnasium-kreuzburg.de\/cms\/wp-json\/wp\/v2\/types\/page"}],"author":[{"embeddable":true,"href":"https:\/\/franziskanergymnasium-kreuzburg.de\/cms\/wp-json\/wp\/v2\/users\/3"}],"replies":[{"embeddable":true,"href":"https:\/\/franziskanergymnasium-kreuzburg.de\/cms\/wp-json\/wp\/v2\/comments?post=6419"}],"version-history":[{"count":8,"href":"https:\/\/franziskanergymnasium-kreuzburg.de\/cms\/wp-json\/wp\/v2\/pages\/6419\/revisions"}],"predecessor-version":[{"id":41900,"href":"https:\/\/franziskanergymnasium-kreuzburg.de\/cms\/wp-json\/wp\/v2\/pages\/6419\/revisions\/41900"}],"wp:attachment":[{"href":"https:\/\/franziskanergymnasium-kreuzburg.de\/cms\/wp-json\/wp\/v2\/media?parent=6419"}],"curies":[{"name":"wp","href":"https:\/\/api.w.org\/{rel}","templated":true}]}}