{"id":656,"date":"2013-08-06T11:16:34","date_gmt":"2013-08-06T09:16:34","guid":{"rendered":"https:\/\/franziskanergymnasium-kreuzburg.de\/cms\/?page_id=656"},"modified":"2026-01-20T11:53:26","modified_gmt":"2026-01-20T10:53:26","slug":"seb-vorstandsmitglieder","status":"publish","type":"page","link":"https:\/\/franziskanergymnasium-kreuzburg.de\/cms\/schulelternbeirat\/seb-vorstandsmitglieder\/","title":{"rendered":"SEB-Vorstandsmitglieder"},"content":{"rendered":"<p><a href=\"\/cms\/schulelternbeirat\/\">Zur\u00fcck zur Hauptseite<\/a><\/p>\r\n<div class=\"clear\"><\/div><div class=\"gdl-divider gdl-border-x top\"><div class=\"scroll-top\"><\/div><\/div>\r\n<div class=\"clear\" style=\" height:20px;\" ><\/div> \r\n\r\n<table>\r\n<tr><th><h5 style=\"margin:0;padding:0;\">Gesch\u00e4ftsf\u00fchrender Vorstand<\/h5><\/th><\/tr>\r\n\r\n<tr><td><a attid=\"43245\"  href=\"https:\/\/franziskanergymnasium-kreuzburg.de\/cms\/wp-content\/uploads\/2025\/12\/Hr.Neuhaus.jpg\" rel=\"lightbox[656]\"><img loading=\"lazy\" decoding=\"async\" src=\"https:\/\/franziskanergymnasium-kreuzburg.de\/cms\/wp-content\/uploads\/2025\/12\/Hr.Neuhaus-150x150.jpg\" alt=\"\" width=\"150\" height=\"150\" class=\"alignleft size-humbnail wp-image-43245\" \/><\/a><strong>Raoul Neuhaus <\/strong> (Vorsitzender)<br \/><strong>E-Mail:<\/strong> <a href=\"mailto:seb@kreuzburg.de \">seb@kreuzburg.de<\/a><br \/>\r\n<strong>Aufgaben:<\/strong> Gesamtkoordination und Kontaktpflege zum Drei-Ringe-Kreis \/ Freundeskreis \/ FBW \/ SV, ABI-Plakate-Aktion<\/td><\/tr>\r\n\r\n<tr><td><a attid=\"37962\"  href=\"https:\/\/franziskanergymnasium-kreuzburg.de\/cms\/wp-content\/uploads\/2023\/11\/Kohlhaas_Markus.jpg\" rel=\"lightbox[656]\"><img loading=\"lazy\" decoding=\"async\" src=\"https:\/\/franziskanergymnasium-kreuzburg.de\/cms\/wp-content\/uploads\/2023\/11\/Kohlhaas_Markus-150x150.jpg\" alt=\"\" width=\"150\" height=\"150\" class=\"alignleft size-humbnail wp-image-37962\" \/><\/a><strong>Markus Kohlhaas<\/strong> (Stellvertretender Vorsitzender)<br \/><strong>E-Mail:<\/strong> <a href=\"mailto:seb@kreuzburg.de \">seb@kreuzburg.de<\/a><br \/><strong>Aufgaben:<\/strong> Gesamtkoordination und Kontaktpflege zum Drei-Ringe-Kreis \/ Freundeskreis \/ FBW \/ SV, ABI-Plakate-Aktion<\/td><\/tr>\r\n\r\n<tr><td><a attid=\"43272\"  href=\"https:\/\/franziskanergymnasium-kreuzburg.de\/cms\/wp-content\/uploads\/2026\/01\/SEB-Hr-Blank.jpg\" rel=\"lightbox[656]\"><img loading=\"lazy\" decoding=\"async\" src=\"https:\/\/franziskanergymnasium-kreuzburg.de\/cms\/wp-content\/uploads\/2026\/01\/SEB-Hr-Blank-150x150.jpg\" alt=\"\" width=\"150\" height=\"150\" class=\"alignleft size-humbnail wp-image-43272\" \/><\/a>\r\n<strong>Oliver Blank<\/strong> (Stellvertretender Vorsitzender)<br \/><strong>E-Mail:<\/strong> <a href=\"mailto:seb@kreuzburg.de \">seb@kreuzburg.de<\/a><br \/><strong>Aufgaben:<\/strong> Gesamtkoordination und Kontaktpflege zum Drei-Ringe-Kreis \/ Freundeskreis \/ FBW \/ SV, ABI-Plakate-Aktion<\/td><\/tr>\r\n\r\n<tr><td><img decoding=\"async\" src=\"https:\/\/franziskanergymnasium-kreuzburg.de\/cms\/wp-content\/uploads\/2024\/11\/rietdijk-koch.png\" style=\"float:left;margin-right:20px;\" width=150 \/<\/a><strong>Astrid Rietdijk-Koch<\/strong> (Stellvertretende Vorsitzende)<br \/><strong>E-Mail:<\/strong> <a href=\"mailto:seb@kreuzburg.de \">seb@kreuzburg.de<\/a><br \/><strong>Aufgaben:<\/strong> Gesamtkoordination und Kontaktpflege zum Drei-Ringe-Kreis \/ Freundeskreis \/ FBW \/ SV, ABI-Plakate-Aktion<\/td><\/tr>\r\n\r\n\r\n<tr><td><a attid=\"43248\"  href=\"https:\/\/franziskanergymnasium-kreuzburg.de\/cms\/wp-content\/uploads\/2025\/12\/Moeller-Botzum.jpg\" rel=\"lightbox[656]\"><img loading=\"lazy\" decoding=\"async\" src=\"https:\/\/franziskanergymnasium-kreuzburg.de\/cms\/wp-content\/uploads\/2025\/12\/Moeller-Botzum-150x150.jpg\" alt=\"\" width=\"150\" height=\"150\" class=\"alignleft size-humbnail wp-image-43248\" \/><\/a><strong>Elena M\u00f6ller-Botzum <\/strong> (Schriftf\u00fchrerin)<br \/><strong>E-Mail:<\/strong> <a href=\"mailto:seb@kreuzburg.de \">seb@kreuzburg.de<\/a><br \/><strong>Aufgaben:<\/strong> Schriftf\u00fchrerin<\/td><\/tr>\r\n\r\n<tr><th><h5 style=\"margin:0;padding:0;\">Beisitzer<\/h5><\/th><\/tr>\r\n<tr><td><img decoding=\"async\" src=\"https:\/\/franziskanergymnasium-kreuzburg.de\/cms\/wp-content\/uploads\/2024\/11\/Britta-Krammig-Karkoska.jpg\" style=\"float:left;margin-right:20px;\" width=150 \/><strong>Britta Krammig-Karkoska<\/strong><br \/><strong>E-Mail:<\/strong> <a href=\"mailto:britta@krammig.de\">britta@krammig.de<\/a><br \/><strong>Aufgaben:<\/strong> Koordination Unterstufe 5\/6<\/td><\/tr>\r\n\r\n<tr><td><img decoding=\"async\" src=\"https:\/\/franziskanergymnasium-kreuzburg.de\/cms\/wp-content\/uploads\/2024\/11\/Fabio-Massaro.jpg\" style=\"float:left;margin-right:20px;\" width=150 \/><strong>Fabio Massaro<\/strong><br \/><strong>E-Mail:<\/strong> <a href=\"mailto:fabiomassaro1609@gmail.com\">fabiomassaro1609@gmail.com<\/a><br \/><strong>Aufgaben:<\/strong> Koordination Unterstufe 5\/6<\/td><\/tr>\r\n\r\n<tr><td><a attid=\"43247\"  href=\"https:\/\/franziskanergymnasium-kreuzburg.de\/cms\/wp-content\/uploads\/2025\/12\/A.Rietdjik-Koch.jpg\" rel=\"lightbox[656]\"><img loading=\"lazy\" decoding=\"async\" src=\"https:\/\/franziskanergymnasium-kreuzburg.de\/cms\/wp-content\/uploads\/2025\/12\/A.Rietdjik-Koch-150x150.jpg\" alt=\"\" width=\"150\" height=\"150\" class=\"alignleft size-humbnail wp-image-43247\" \/><\/a><strong>Martina Mueller<\/strong><br \/><strong>E-Mail:<\/strong> <br \/><strong>Aufgaben:<\/strong> Koordination Mittelstufe 7\/8<\/td><\/tr>\r\n\r\n<tr><td><\/a><strong> Martin Ring<\/strong><br \/><strong>E-Mail:<\/strong> <br \/><strong>Aufgaben:<\/strong> Koordination Mittelstufe 7\/8<\/td><\/tr>\r\n\r\n<tr><td><img decoding=\"async\" src=\"https:\/\/franziskanergymnasium-kreuzburg.de\/cms\/wp-content\/uploads\/2022\/12\/MohrStefanie.jpg\" style=\"float:left;margin-right:20px;\" width=150 \/><strong>Stefanie Mohr<\/strong><br \/><strong>E-Mail:<\/strong> <a href=\"mailto:smbm@gmx.de\">smbm@gmx.de<\/a><br \/><strong>Aufgaben:<\/strong> Koordination Mittelstufe 9\/10<\/td><\/tr>\r\n\r\n<tr><td><img decoding=\"async\" src=\"https:\/\/franziskanergymnasium-kreuzburg.de\/cms\/wp-content\/uploads\/2023\/11\/Brauneis_Sonja-150x150.jpg\" style=\"float:left;margin-right:20px;\" width=150 \/><strong>Sonja Brauneis<\/strong><br \/><strong>E-Mail:<\/strong> <a href=\"mailto:fbrauneis@yahoo.de\">fbrauneis@yahoo.de<\/a><br \/><strong>Aufgaben:<\/strong> Koordination Mittelstufe 9\/10<\/td><\/tr>\r\n\r\n\r\n<tr><td><img decoding=\"async\" src=\"https:\/\/franziskanergymnasium-kreuzburg.de\/cms\/wp-content\/uploads\/2024\/11\/Bianca-Heitzenroeder.jpg\" style=\"float:left;margin-right:20px;\" width=150 \/><strong>Bianca Heitzenr\u00f6der<\/strong><br \/><strong>E-Mail:<\/strong> <a href=\"mailto:t1208b@aol.com\">t1208b@aol.com<\/a><br \/><strong>Aufgaben: <\/strong>Koordination Oberstufe; Vorstand Kreiselternbeirat des Main-Kinzig-Kreises und Ersatzschulenausschuss im Landeselternbeirat Hessen; elan-Multiplikatorin\r\n<\/td><\/tr>\r\n\r\n\r\n<tr><td><img decoding=\"async\" src=\"https:\/\/franziskanergymnasium-kreuzburg.de\/cms\/wp-content\/uploads\/2024\/11\/stefan-m-jelinek-foto.jpg\" style=\"float:left;margin-right:20px;\" width=150 \/><strong>Stefan Jelinek<\/strong><br \/><strong>E-Mail:<\/strong> <a href=\"mailto:stmj@gmx.de\">stmj@gmx.de<\/a><br \/><strong>Aufgaben:<\/strong> Koordination Oberstufe<\/td><\/tr>\r\n\r\n<\/table>\r\n<table>\r\n\r\n\r\n<tr><th colspan=\"2\"><h5 style=\"margin:0;padding:0;\">Elternvertreter im Drei-Ringe-Kreis<\/h5><\/th><\/tr>\r\n\r\n<tr width=50%><td><img decoding=\"async\" src=\"https:\/\/franziskanergymnasium-kreuzburg.de\/cms\/wp-content\/uploads\/2022\/12\/PetersJudith.jpg\" style=\"float:left;margin-right:20px;\" width=150 \/><strong>Judith Peters<\/strong> <br \/><strong>E-Mail:<\/strong> <a href=\"mailto:judith.peters@me.com\">judith.peters@me.com<\/a><\/td>\r\n\r\n<td width=50%><img decoding=\"async\" src=\"https:\/\/franziskanergymnasium-kreuzburg.de\/cms\/wp-content\/uploads\/2024\/11\/stenger.jpg\" style=\"float:left;margin-right:20px;\" width=150 \/>Vertreterin: <strong>Gabriele Stenger<\/strong><br \/><strong>E-Mail:<\/strong> <a href=\"mailto:g-stenger@t-online.de\">g-stenger@t-online.de<\/a><\/td><\/tr>\r\n\r\n<tr width=50%><td><img decoding=\"async\" src=\"https:\/\/franziskanergymnasium-kreuzburg.de\/cms\/wp-content\/uploads\/2022\/12\/BerzHenning.jpeg\" style=\"float:left;margin-right:20px;\" width=150 \/><strong>Henning Berz<\/strong><br \/><strong>E-Mail:<\/strong> <a href=\"mailto:henning@berz.de\">henning@berz.de<\/a><\/td>\r\n<td><a attid=\"43246\"  href=\"https:\/\/franziskanergymnasium-kreuzburg.de\/cms\/wp-content\/uploads\/2025\/12\/M-Kohlhaas.jpg\" rel=\"lightbox[656]\"><img loading=\"lazy\" decoding=\"async\" src=\"https:\/\/franziskanergymnasium-kreuzburg.de\/cms\/wp-content\/uploads\/2025\/12\/M-Kohlhaas-150x150.jpg\" alt=\"\" width=\"150\" height=\"150\" class=\"alignleft size-humbnail wp-image-43246\" \/><\/a>Vertreter: <strong>Heiko Lindner<\/strong><br \/><\/strong>\r\nE-Mail:<\/strong> <a href=\"mailto:zuhause@lindner-heiko.de\">zuhause@lindner-heiko.de<\/a><\/td>\r\n\r\n\r\n<\/table>","protected":false},"excerpt":{"rendered":"Zur\u00fcck zur Hauptseite Gesch\u00e4ftsf\u00fchrender Vorstand Raoul Neuhaus (Vorsitzender)E-Mail: seb@kreuzburg.de Aufgaben: Gesamtkoordination und Kontaktpflege zum Drei-Ringe-Kreis \/ Freundeskreis \/ FBW \/ SV, ABI-Plakate-Aktion Markus Kohlhaas (Stellvertretender Vorsitzender)E-Mail: seb@kreuzburg.deAufgaben: Gesamtkoordination und Kontaktpflege zum Drei-Ringe-Kreis \/ Freundeskreis \/ FBW \/ SV, ABI-Plakate-Aktion Oliver Blank (Stellvertretender Vorsitzender)E-Mail: seb@kreuzburg.deAufgaben: Gesamtkoordination und Kontaktpflege zum Drei-Ringe-Kreis \/ Freundeskreis \/ FBW \/ SV, ABI-Plakate-Aktion","protected":false},"author":1,"featured_media":0,"parent":357,"menu_order":0,"comment_status":"closed","ping_status":"closed","template":"","meta":{"ngg_post_thumbnail":0,"footnotes":""},"class_list":["post-656","page","type-page","status-publish","hentry"],"publishpress_future_action":{"enabled":false,"date":"2026-04-18 14:41:41","action":"change-status","newStatus":"draft","terms":[],"taxonomy":"","extraData":[]},"publishpress_future_workflow_manual_trigger":{"enabledWorkflows":[]},"_links":{"self":[{"href":"https:\/\/franziskanergymnasium-kreuzburg.de\/cms\/wp-json\/wp\/v2\/pages\/656","targetHints":{"allow":["GET"]}}],"collection":[{"href":"https:\/\/franziskanergymnasium-kreuzburg.de\/cms\/wp-json\/wp\/v2\/pages"}],"about":[{"href":"https:\/\/franziskanergymnasium-kreuzburg.de\/cms\/wp-json\/wp\/v2\/types\/page"}],"author":[{"embeddable":true,"href":"https:\/\/franziskanergymnasium-kreuzburg.de\/cms\/wp-json\/wp\/v2\/users\/1"}],"replies":[{"embeddable":true,"href":"https:\/\/franziskanergymnasium-kreuzburg.de\/cms\/wp-json\/wp\/v2\/comments?post=656"}],"version-history":[{"count":92,"href":"https:\/\/franziskanergymnasium-kreuzburg.de\/cms\/wp-json\/wp\/v2\/pages\/656\/revisions"}],"predecessor-version":[{"id":43276,"href":"https:\/\/franziskanergymnasium-kreuzburg.de\/cms\/wp-json\/wp\/v2\/pages\/656\/revisions\/43276"}],"up":[{"embeddable":true,"href":"https:\/\/franziskanergymnasium-kreuzburg.de\/cms\/wp-json\/wp\/v2\/pages\/357"}],"wp:attachment":[{"href":"https:\/\/franziskanergymnasium-kreuzburg.de\/cms\/wp-json\/wp\/v2\/media?parent=656"}],"curies":[{"name":"wp","href":"https:\/\/api.w.org\/{rel}","templated":true}]}}